CRAN Package Check Results for Package TESS

Last updated on 2024-07-23 16:49:19 CEST.

Flavor Version Tinstall Tcheck Ttotal Status Flags
r-devel-linux-x86_64-debian-clang 2.1.2 19.73 105.21 124.94 NOTE
r-devel-linux-x86_64-debian-gcc 2.1.2 14.10 74.02 88.12 NOTE
r-devel-linux-x86_64-fedora-clang 2.1.2 165.69 NOTE
r-devel-linux-x86_64-fedora-gcc 2.1.2 161.67 NOTE
r-devel-windows-x86_64 2.1.2 20.00 119.00 139.00 NOTE
r-patched-linux-x86_64 2.1.2 26.68 97.28 123.96 NOTE
r-release-linux-x86_64 2.1.2 20.21 99.78 119.99 NOTE
r-release-macos-arm64 2.1.2 45.00 NOTE
r-release-macos-x86_64 2.1.2 70.00 NOTE
r-release-windows-x86_64 2.1.2 23.00 121.00 144.00 NOTE
r-oldrel-macos-arm64 2.1.2 54.00 OK
r-oldrel-macos-x86_64 2.1.2 78.00 OK
r-oldrel-windows-x86_64 2.1.2 21.00 139.00 160.00 OK

Check Details

Version: 2.1.2
Check: Rd files
Result: NOTE checkRd: (-1) tess.plot.multichain.diagnostics.Rd:45: Lost braces in \itemize; meant \describe ? checkRd: (-1) tess.plot.multichain.diagnostics.Rd:46: Lost braces in \itemize; meant \describe ? checkRd: (-1) tess.plot.multichain.diagnostics.Rd:47: Lost braces in \itemize; meant \describe ? checkRd: (-1) tess.plot.multichain.diagnostics.Rd:48: Lost braces in \itemize; meant \describe ? checkRd: (-1) tess.plot.multichain.diagnostics.Rd:49: Lost braces in \itemize; meant \describe ? checkRd: (-1) tess.plot.multichain.diagnostics.Rd:50: Lost braces in \itemize; meant \describe ? checkRd: (-1) tess.plot.multichain.diagnostics.Rd:51: Lost braces in \itemize; meant \describe ? checkRd: (-1) tess.plot.output.Rd:47: Lost braces in \itemize; meant \describe ? checkRd: (-1) tess.plot.output.Rd:48: Lost braces in \itemize; meant \describe ? checkRd: (-1) tess.plot.output.Rd:49: Lost braces in \itemize; meant \describe ? checkRd: (-1) tess.plot.output.Rd:50: Lost braces in \itemize; meant \describe ? checkRd: (-1) tess.plot.output.Rd:51: Lost braces in \itemize; meant \describe ? checkRd: (-1) tess.plot.output.Rd:52: Lost braces in \itemize; meant \describe ? checkRd: (-1) tess.plot.output.Rd:53: Lost braces in \itemize; meant \describe ? checkRd: (-1) tess.plot.output.Rd:54: Lost braces in \itemize; meant \describe ? checkRd: (-1) tess.plot.output.Rd:55: Lost braces in \itemize; meant \describe ? checkRd: (-1) tess.plot.output.Rd:56: Lost braces in \itemize; meant \describe ? checkRd: (-1) tess.plot.singlechain.diagnostics.Rd:49: Lost braces in \itemize; meant \describe ? checkRd: (-1) tess.plot.singlechain.diagnostics.Rd:50: Lost braces in \itemize; meant \describe ? checkRd: (-1) tess.plot.singlechain.diagnostics.Rd:51: Lost braces in \itemize; meant \describe ? checkRd: (-1) tess.plot.singlechain.diagnostics.Rd:52: Lost braces in \itemize; meant \describe ? checkRd: (-1) tess.plot.singlechain.diagnostics.Rd:53: Lost braces in \itemize; meant \describe ? checkRd: (-1) tess.plot.singlechain.diagnostics.Rd:54: Lost braces in \itemize; meant \describe ? checkRd: (-1) tess.plot.singlechain.diagnostics.Rd:55: Lost braces in \itemize; meant \describe ? Flavors: r-devel-linux-x86_64-debian-clang, r-devel-linux-x86_64-debian-gcc, r-devel-linux-x86_64-fedora-clang, r-devel-linux-x86_64-fedora-gcc, r-devel-windows-x86_64, r-patched-linux-x86_64, r-release-linux-x86_64, r-release-macos-arm64, r-release-macos-x86_64, r-release-windows-x86_64

Version: 2.1.2
Check: Rd cross-references
Result: NOTE Found the following Rd file(s) with Rd \link{} targets missing package anchors: cettiidae.Rd: read.tree, ape conifers.Rd: read.tree, ape mammalia.Rd: read.tree, ape Please provide package anchors for all Rd \link{} targets not in the package itself and the base packages. Flavors: r-devel-linux-x86_64-debian-gcc, r-devel-windows-x86_64