CRAN Package Check Results for Package TreeDiagram

Last updated on 2024-07-15 16:56:37 CEST.

Flavor Version Tinstall Tcheck Ttotal Status Flags
r-devel-linux-x86_64-debian-clang 0.1.1 6.97 60.08 67.05 OK
r-devel-linux-x86_64-debian-gcc 0.1.1 5.50 45.75 51.25 OK
r-devel-linux-x86_64-fedora-clang 0.1.1 86.53 NOTE
r-devel-linux-x86_64-fedora-gcc 0.1.1 77.74 NOTE
r-devel-windows-x86_64 0.1.1 7.00 69.00 76.00 OK
r-patched-linux-x86_64 0.1.1 6.51 56.29 62.80 OK
r-release-linux-x86_64 0.1.1 4.48 57.05 61.53 OK
r-release-macos-arm64 0.1.1 30.00 OK
r-release-macos-x86_64 0.1.1 44.00 OK
r-release-windows-x86_64 0.1.1 7.00 70.00 77.00 OK
r-oldrel-macos-arm64 0.1.1 27.00 OK
r-oldrel-macos-x86_64 0.1.1 42.00 OK
r-oldrel-windows-x86_64 0.1.1 9.00 76.00 85.00 OK

Check Details

Version: 0.1.1
Check: dependencies in R code
Result: NOTE Namespace in Imports field not imported from: ‘tree’ All declared Imports should be used. Flavors: r-devel-linux-x86_64-fedora-clang, r-devel-linux-x86_64-fedora-gcc