CRAN Package Check Results for Package VC2copula

Last updated on 2024-07-15 16:56:37 CEST.

Flavor Version Tinstall Tcheck Ttotal Status Flags
r-devel-linux-x86_64-debian-clang 0.1.5 28.66 106.32 134.98 OK
r-devel-linux-x86_64-debian-gcc 0.1.5 20.09 78.83 98.92 OK
r-devel-linux-x86_64-fedora-clang 0.1.5 168.59 OK
r-devel-linux-x86_64-fedora-gcc 0.1.5 158.34 OK
r-devel-windows-x86_64 0.1.5 21.00 98.00 119.00 NOTE
r-patched-linux-x86_64 0.1.5 21.32 102.62 123.94 OK
r-release-linux-x86_64 0.1.5 23.77 96.04 119.81 OK
r-release-macos-arm64 0.1.5 44.00 OK
r-release-macos-x86_64 0.1.5 70.00 OK
r-release-windows-x86_64 0.1.5 22.00 99.00 121.00 OK
r-oldrel-macos-arm64 0.1.5 53.00 OK
r-oldrel-macos-x86_64 0.1.5 115.00 OK
r-oldrel-windows-x86_64 0.1.5 29.00 121.00 150.00 OK

Check Details

Version: 0.1.5
Check: Rd cross-references
Result: NOTE Found the following Rd file(s) with Rd \link{} targets missing package anchors: BB1Copula-class.Rd: VineCopula-package, joeCopula-class BB1Copula.Rd: joeCopula, VineCopula-package BB6Copula-class.Rd: VineCopula-package, joeCopula-class BB6Copula.Rd: joeCopula, VineCopula-package BB7Copula-class.Rd: VineCopula-package, joeCopula-class BB7Copula.Rd: joeCopula, VineCopula-package BB8Copula-class.Rd: VineCopula-package, joeCopula-class BB8Copula.Rd: joeCopula, VineCopula-package BiCop2copula.Rd: copula-class, VineCopula-package, BiCop ddCopula.Rd: dCopula, pCopula joeBiCopula-class.Rd: VineCopula-package, copula-package, joeCopula-class joeBiCopula.Rd: copula-package, joeCopula-class, VineCopula-package surClaytonCopula-class.Rd: VineCopula-package surClaytonCopula.Rd: VineCopula-package surGumbelCopula-class.Rd: VineCopula-package surGumbelCopula.Rd: VineCopula-package tawnT1Copula-class.Rd: VineCopula-package tawnT1Copula.Rd: VineCopula-package tawnT2Copula-class.Rd: VineCopula-package tawnT2Copula.Rd: VineCopula-package vineCopula-class.Rd: VineCopula-package, RVineMatrix vineCopula.Rd: RVineMatrix, VineCopula-package Please provide package anchors for all Rd \link{} targets not in the package itself and the base packages. Flavor: r-devel-windows-x86_64