CRAN Package Check Results for Package VSOLassoBag

Last updated on 2024-07-24 16:54:05 CEST.

Flavor Version Tinstall Tcheck Ttotal Status Flags
r-devel-linux-x86_64-debian-clang 0.99.1 32.77 578.78 611.55 OK
r-devel-linux-x86_64-debian-gcc 0.99.1 28.18 444.86 473.04 NOTE
r-devel-linux-x86_64-fedora-clang 0.99.1 759.56 OK
r-devel-linux-x86_64-fedora-gcc 0.99.1 730.62 OK
r-devel-windows-x86_64 0.99.1 31.00 388.00 419.00 NOTE
r-patched-linux-x86_64 0.99.1 30.22 560.26 590.48 OK
r-release-linux-x86_64 0.99.1 31.14 551.38 582.52 OK
r-release-macos-arm64 0.99.1 219.00 OK
r-release-macos-x86_64 0.99.1 322.00 OK
r-release-windows-x86_64 0.99.1 30.00 419.00 449.00 OK
r-oldrel-macos-arm64 0.99.1 203.00 OK
r-oldrel-macos-x86_64 0.99.1 322.00 OK
r-oldrel-windows-x86_64 0.99.1 41.00 552.00 593.00 OK

Check Details

Version: 0.99.1
Check: Rd cross-references
Result: NOTE Found the following Rd file(s) with Rd \link{} targets missing package anchors: VSOLassoBag.Rd: coxph Please provide package anchors for all Rd \link{} targets not in the package itself and the base packages. Flavors: r-devel-linux-x86_64-debian-gcc, r-devel-windows-x86_64