CRAN Package Check Results for Package adobeanalyticsr

Last updated on 2024-07-14 16:52:26 CEST.

Flavor Version Tinstall Tcheck Ttotal Status Flags
r-devel-linux-x86_64-debian-clang 0.4.0 12.15 82.67 94.82 OK
r-devel-linux-x86_64-debian-gcc 0.4.0 6.97 60.83 67.80 OK
r-devel-linux-x86_64-fedora-clang 0.4.0 115.91 NOTE
r-devel-linux-x86_64-fedora-gcc 0.4.0 119.55 OK
r-devel-windows-x86_64 0.4.0 12.00 89.00 101.00 OK
r-patched-linux-x86_64 0.4.0 12.71 77.84 90.55 OK
r-release-linux-x86_64 0.4.0 10.88 76.85 87.73 OK
r-release-macos-arm64 0.4.0 43.00 OK
r-release-macos-x86_64 0.4.0 62.00 OK
r-release-windows-x86_64 0.4.0 11.00 89.00 100.00 OK
r-oldrel-macos-arm64 0.4.0 43.00 OK
r-oldrel-macos-x86_64 0.4.0 102.00 OK
r-oldrel-windows-x86_64 0.4.0 14.00 100.00 114.00 OK

Check Details

Version: 0.4.0
Check: Rd cross-references
Result: NOTE Undeclared package ‘tibble’ in Rd xrefs Flavor: r-devel-linux-x86_64-fedora-clang