CRAN Package Check Results for Package akima

Last updated on 2024-05-28 08:54:27 CEST.

Flavor Version Tinstall Tcheck Ttotal Status Flags
r-devel-linux-x86_64-debian-clang 0.6-3.4 13.45 42.54 55.99 NOTE
r-devel-linux-x86_64-debian-gcc 0.6-3.4 8.68 31.87 40.55 NOTE
r-devel-linux-x86_64-fedora-clang 0.6-3.4 69.87 NOTE
r-devel-linux-x86_64-fedora-gcc 0.6-3.4 67.30 NOTE
r-devel-windows-x86_64 0.6-3.4 12.00 58.00 70.00 NOTE
r-patched-linux-x86_64 0.6-3.4 11.50 40.61 52.11 NOTE
r-release-linux-x86_64 0.6-3.4 10.74 39.59 50.33 NOTE
r-release-macos-arm64 0.6-3.4 29.00 NOTE
r-release-windows-x86_64 0.6-3.4 13.00 57.00 70.00 NOTE
r-oldrel-macos-arm64 0.6-3.4 33.00 OK
r-oldrel-macos-x86_64 0.6-3.4 49.00 NOTE
r-oldrel-windows-x86_64 0.6-3.4 14.00 65.00 79.00 OK

Check Details

Version: 0.6-3.4
Check: Rd files
Result: NOTE checkRd: (-1) interpp.Rd:119: Lost braces 119 | If \code{linear} is \\code{TRUE}, linear | ^ Flavors: r-devel-linux-x86_64-debian-clang, r-devel-linux-x86_64-debian-gcc, r-devel-linux-x86_64-fedora-clang, r-devel-linux-x86_64-fedora-gcc, r-devel-windows-x86_64, r-patched-linux-x86_64, r-release-linux-x86_64, r-release-macos-arm64, r-release-windows-x86_64

Version: 0.6-3.4
Check: package dependencies
Result: NOTE Package which this enhances but not available for checking: ‘tripack’ Flavor: r-oldrel-macos-x86_64

Version: 0.6-3.4
Check: Rd cross-references
Result: NOTE Package unavailable to check Rd xrefs: ‘tripack’ Flavor: r-oldrel-macos-x86_64