CRAN Package Check Results for Package algorithmia

Last updated on 2024-07-16 16:52:45 CEST.

Flavor Version Tinstall Tcheck Ttotal Status Flags
r-devel-linux-x86_64-debian-clang 0.3.0 4.81 30.49 35.30 NOTE
r-devel-linux-x86_64-debian-gcc 0.3.0 3.45 23.57 27.02 NOTE
r-devel-linux-x86_64-fedora-clang 0.3.0 45.80 NOTE
r-devel-linux-x86_64-fedora-gcc 0.3.0 55.24 NOTE
r-devel-windows-x86_64 0.3.0 5.00 45.00 50.00 NOTE
r-patched-linux-x86_64 0.3.0 3.56 29.65 33.21 NOTE
r-release-linux-x86_64 0.3.0 3.74 28.92 32.66 NOTE
r-release-macos-arm64 0.3.0 21.00 NOTE
r-release-macos-x86_64 0.3.0 32.00 NOTE
r-release-windows-x86_64 0.3.0 4.00 45.00 49.00 NOTE
r-oldrel-macos-arm64 0.3.0 25.00 NOTE
r-oldrel-macos-x86_64 0.3.0 41.00 NOTE
r-oldrel-windows-x86_64 0.3.0 6.00 47.00 53.00 NOTE

Check Details

Version: 0.3.0
Check: LazyData
Result: NOTE 'LazyData' is specified without a 'data' directory Flavors: r-devel-linux-x86_64-debian-clang, r-devel-linux-x86_64-debian-gcc, r-devel-linux-x86_64-fedora-clang, r-devel-linux-x86_64-fedora-gcc, r-devel-windows-x86_64, r-patched-linux-x86_64, r-release-linux-x86_64, r-release-macos-arm64, r-release-macos-x86_64, r-release-windows-x86_64, r-oldrel-macos-arm64, r-oldrel-macos-x86_64, r-oldrel-windows-x86_64