CRAN Package Check Results for Package allMT

Last updated on 2024-07-12 17:55:02 CEST.

Flavor Version Tinstall Tcheck Ttotal Status Flags
r-devel-linux-x86_64-debian-clang 0.1.0 14.05 124.62 138.67 NOTE
r-devel-linux-x86_64-debian-gcc 0.1.0 11.12 91.68 102.80 NOTE
r-devel-linux-x86_64-fedora-clang 0.1.0 183.29 NOTE
r-devel-linux-x86_64-fedora-gcc 0.1.0 176.74 NOTE
r-devel-windows-x86_64 0.1.0 16.00 104.00 120.00 NOTE
r-patched-linux-x86_64 0.1.0 15.93 119.57 135.50 NOTE
r-release-linux-x86_64 0.1.0 14.90 120.23 135.13 NOTE
r-release-macos-arm64 0.1.0 53.00 NOTE
r-release-macos-x86_64 0.1.0 77.00 NOTE
r-release-windows-x86_64 0.1.0 14.00 104.00 118.00 NOTE
r-oldrel-macos-arm64 0.1.0 35.00 OK
r-oldrel-macos-x86_64 0.1.0 86.00 OK
r-oldrel-windows-x86_64 0.1.0 18.00 127.00 145.00 OK

Check Details

Version: 0.1.0
Check: Rd files
Result: NOTE checkRd: (-1) compare_cohorts.Rd:35: Lost braces in \itemize; meant \describe ? checkRd: (-1) compare_cohorts.Rd:36: Lost braces in \itemize; meant \describe ? Flavors: r-devel-linux-x86_64-debian-clang, r-devel-linux-x86_64-debian-gcc, r-devel-linux-x86_64-fedora-clang, r-devel-linux-x86_64-fedora-gcc, r-devel-windows-x86_64, r-patched-linux-x86_64, r-release-linux-x86_64, r-release-macos-arm64, r-release-macos-x86_64, r-release-windows-x86_64