CRAN Package Check Results for Package aniview

Last updated on 2024-07-15 16:56:16 CEST.

Flavor Version Tinstall Tcheck Ttotal Status Flags
r-devel-linux-x86_64-debian-clang 0.1.0 2.43 29.30 31.73 NOTE
r-devel-linux-x86_64-debian-gcc 0.1.0 2.17 23.22 25.39 NOTE
r-devel-linux-x86_64-fedora-clang 0.1.0 40.08 NOTE
r-devel-linux-x86_64-fedora-gcc 0.1.0 37.49 NOTE
r-devel-windows-x86_64 0.1.0 3.00 50.00 53.00 NOTE
r-patched-linux-x86_64 0.1.0 2.64 28.50 31.14 NOTE
r-release-linux-x86_64 0.1.0 2.70 28.10 30.80 NOTE
r-release-macos-arm64 0.1.0 18.00 NOTE
r-release-macos-x86_64 0.1.0 26.00 NOTE
r-release-windows-x86_64 0.1.0 4.00 51.00 55.00 NOTE
r-oldrel-macos-arm64 0.1.0 20.00 NOTE
r-oldrel-macos-x86_64 0.1.0 24.00 NOTE
r-oldrel-windows-x86_64 0.1.0 4.00 51.00 55.00 NOTE

Check Details

Version: 0.1.0
Check: LazyData
Result: NOTE 'LazyData' is specified without a 'data' directory Flavors: r-devel-linux-x86_64-debian-clang, r-devel-linux-x86_64-debian-gcc, r-devel-linux-x86_64-fedora-clang, r-devel-linux-x86_64-fedora-gcc, r-devel-windows-x86_64, r-patched-linux-x86_64, r-release-linux-x86_64, r-release-macos-arm64, r-release-macos-x86_64, r-release-windows-x86_64, r-oldrel-macos-arm64, r-oldrel-macos-x86_64, r-oldrel-windows-x86_64