CRAN Package Check Results for Package argonDash

Last updated on 2024-07-17 08:55:07 CEST.

Flavor Version Tinstall Tcheck Ttotal Status Flags
r-devel-linux-x86_64-debian-clang 0.2.0 2.69 26.37 29.06 NOTE
r-devel-linux-x86_64-debian-gcc 0.2.0 2.18 20.38 22.56 NOTE
r-devel-linux-x86_64-fedora-clang 0.2.0 37.78 NOTE
r-devel-linux-x86_64-fedora-gcc 0.2.0 36.42 NOTE
r-devel-windows-x86_64 0.2.0 5.00 50.00 55.00 NOTE
r-patched-linux-x86_64 0.2.0 6.12 25.38 31.50 NOTE
r-release-linux-x86_64 0.2.0 3.06 26.27 29.33 NOTE
r-release-macos-arm64 0.2.0 16.00 NOTE
r-release-macos-x86_64 0.2.0 26.00 NOTE
r-release-windows-x86_64 0.2.0 5.00 51.00 56.00 NOTE
r-oldrel-macos-arm64 0.2.0 19.00 NOTE
r-oldrel-macos-x86_64 0.2.0 24.00 NOTE
r-oldrel-windows-x86_64 0.2.0 5.00 51.00 56.00 NOTE

Check Details

Version: 0.2.0
Check: LazyData
Result: NOTE 'LazyData' is specified without a 'data' directory Flavors: r-devel-linux-x86_64-debian-clang, r-devel-linux-x86_64-debian-gcc, r-devel-linux-x86_64-fedora-clang, r-devel-linux-x86_64-fedora-gcc, r-devel-windows-x86_64, r-patched-linux-x86_64, r-release-linux-x86_64, r-release-macos-arm64, r-release-macos-x86_64, r-release-windows-x86_64, r-oldrel-macos-arm64, r-oldrel-macos-x86_64, r-oldrel-windows-x86_64

Version: 0.2.0
Check: Rd cross-references
Result: NOTE Found the following Rd file(s) with Rd \link{} targets missing package anchors: argonDropNavItem.Rd: argonIcon argonInfoCard.Rd: argonIcon argonSidebarItem.Rd: argonIcon Please provide package anchors for all Rd \link{} targets not in the package itself and the base packages. Flavor: r-devel-windows-x86_64