CRAN Package Check Results for Package asteRisk

Last updated on 2024-07-17 08:55:07 CEST.

Flavor Version Tinstall Tcheck Ttotal Status Flags
r-devel-linux-x86_64-debian-clang 1.4.3 57.67 194.77 252.44 NOTE
r-devel-linux-x86_64-debian-gcc 1.4.3 37.59 139.73 177.32 NOTE
r-devel-linux-x86_64-fedora-clang 1.4.3 343.37 NOTE
r-devel-linux-x86_64-fedora-gcc 1.4.3 313.17 NOTE
r-devel-windows-x86_64 1.4.3 52.00 157.00 209.00 NOTE
r-patched-linux-x86_64 1.4.3 55.93 180.18 236.11 NOTE
r-release-linux-x86_64 1.4.3 50.14 182.63 232.77 NOTE
r-release-macos-arm64 1.4.3 74.00 NOTE
r-release-macos-x86_64 1.4.3 126.00 NOTE
r-release-windows-x86_64 1.4.3 51.00 158.00 209.00 NOTE
r-oldrel-macos-arm64 1.4.3 64.00 NOTE
r-oldrel-macos-x86_64 1.4.3 102.00 NOTE
r-oldrel-windows-x86_64 1.4.3 63.00 202.00 265.00 NOTE

Additional issues

noSuggests

Check Details

Version: 1.4.3
Check: package dependencies
Result: NOTE Package suggested but not available for checking: ‘asteRiskData’ Flavors: r-devel-linux-x86_64-debian-clang, r-devel-linux-x86_64-debian-gcc, r-devel-linux-x86_64-fedora-clang, r-devel-linux-x86_64-fedora-gcc, r-devel-windows-x86_64, r-patched-linux-x86_64, r-release-linux-x86_64, r-release-macos-arm64, r-release-macos-x86_64, r-release-windows-x86_64, r-oldrel-macos-arm64, r-oldrel-macos-x86_64, r-oldrel-windows-x86_64

Version: 1.4.3
Check: C++ specification
Result: NOTE Specified C++11: please drop specification unless essential Flavors: r-devel-linux-x86_64-debian-clang, r-devel-linux-x86_64-debian-gcc, r-devel-linux-x86_64-fedora-clang, r-devel-linux-x86_64-fedora-gcc, r-devel-windows-x86_64, r-patched-linux-x86_64, r-release-linux-x86_64, r-release-macos-arm64, r-release-macos-x86_64, r-release-windows-x86_64, r-oldrel-macos-arm64, r-oldrel-macos-x86_64, r-oldrel-windows-x86_64

Version: 1.4.3
Check: Rd files
Result: NOTE checkRd: (-1) readOEM.Rd:34: Lost braces 34 | always, the identifier has the format YYYY-NNNP{PP}, where YYYY is the year | ^ checkRd: (-1) readOEM.Rd:36: Lost braces 36 | during year YYYY and P{PP} is a part specifier comprising 1 to 3 capital letters | ^ checkRd: (-1) readOEM.Rd:74-75: Lost braces in \itemize; \value handles \item{}{} directly checkRd: (-1) readOEM.Rd:76-79: Lost braces in \itemize; \value handles \item{}{} directly checkRd: (-1) readOEM.Rd:80-86: Lost braces in \itemize; \value handles \item{}{} directly Flavors: r-devel-linux-x86_64-debian-clang, r-devel-linux-x86_64-debian-gcc, r-devel-linux-x86_64-fedora-clang, r-devel-linux-x86_64-fedora-gcc, r-devel-windows-x86_64, r-patched-linux-x86_64, r-release-linux-x86_64, r-release-macos-arm64, r-release-macos-x86_64, r-release-windows-x86_64

Version: 1.4.3
Check: for GNU extensions in Makefiles
Result: NOTE GNU make is a SystemRequirements. Flavors: r-devel-linux-x86_64-debian-clang, r-devel-linux-x86_64-debian-gcc, r-devel-linux-x86_64-fedora-clang, r-devel-linux-x86_64-fedora-gcc, r-devel-windows-x86_64, r-patched-linux-x86_64, r-release-linux-x86_64, r-release-macos-arm64, r-release-macos-x86_64, r-release-windows-x86_64, r-oldrel-macos-arm64, r-oldrel-macos-x86_64, r-oldrel-windows-x86_64

Version: 1.4.3
Check: installed package size
Result: NOTE installed size is 5.1Mb sub-directories of 1Mb or more: doc 2.6Mb libs 1.0Mb Flavors: r-devel-windows-x86_64, r-release-macos-arm64, r-release-macos-x86_64, r-release-windows-x86_64, r-oldrel-macos-arm64, r-oldrel-macos-x86_64, r-oldrel-windows-x86_64

Version: 1.4.3
Check: Rd cross-references
Result: NOTE Found the following Rd file(s) with Rd \link{} targets missing package anchors: hpop.Rd: ode readGLONASSNavigationRINEX.Rd: nanotime readGPSNavigationRINEX.Rd: nanotime Please provide package anchors for all Rd \link{} targets not in the package itself and the base packages. Flavor: r-devel-windows-x86_64