CRAN Package Check Results for Package bayesplot

Last updated on 2024-06-05 00:48:43 CEST.

Flavor Version Tinstall Tcheck Ttotal Status Flags
r-devel-linux-x86_64-debian-clang 1.11.1 19.01 542.68 561.69 OK
r-devel-linux-x86_64-debian-gcc 1.11.1 12.61 378.85 391.46 OK
r-devel-linux-x86_64-fedora-clang 1.11.1 700.77 NOTE
r-devel-linux-x86_64-fedora-gcc 1.11.1 616.78 OK
r-devel-windows-x86_64 1.11.1 15.00 339.00 354.00 NOTE
r-patched-linux-x86_64 1.11.1 21.16 504.58 525.74 OK
r-release-linux-x86_64 1.11.1 12.65 425.37 438.02 NOTE
r-release-macos-arm64 1.11.1 209.00 NOTE
r-release-macos-x86_64 1.11.1 357.00 NOTE
r-release-windows-x86_64 1.11.1 14.00 336.00 350.00 NOTE
r-oldrel-macos-arm64 1.11.1 151.00 NOTE
r-oldrel-macos-x86_64 1.11.1 318.00 NOTE
r-oldrel-windows-x86_64 1.11.1 20.00 467.00 487.00 NOTE

Check Details

Version: 1.11.1
Check: installed package size
Result: NOTE installed size is 6.5Mb sub-directories of 1Mb or more: R 1.9Mb doc 3.8Mb Flavors: r-devel-linux-x86_64-fedora-clang, r-devel-windows-x86_64, r-release-macos-arm64, r-release-macos-x86_64, r-release-windows-x86_64, r-oldrel-macos-arm64, r-oldrel-macos-x86_64, r-oldrel-windows-x86_64

Version: 1.11.1
Check: package dependencies
Result: NOTE Package suggested but not available for checking: ‘rstanarm’ Flavor: r-release-linux-x86_64