CRAN Package Check Results for Package biogeom

Last updated on 2024-07-15 16:56:17 CEST.

Flavor Version Tinstall Tcheck Ttotal Status Flags
r-devel-linux-x86_64-debian-clang 1.4.3 15.37 163.33 178.70 OK
r-devel-linux-x86_64-debian-gcc 1.4.3 14.42 117.77 132.19 OK
r-devel-linux-x86_64-fedora-clang 1.4.3 217.22 OK
r-devel-linux-x86_64-fedora-gcc 1.4.3 220.28 OK
r-devel-windows-x86_64 1.4.3 17.00 156.00 173.00 NOTE
r-patched-linux-x86_64 1.4.3 26.15 150.33 176.48 OK
r-release-linux-x86_64 1.4.3 17.15 151.67 168.82 OK
r-release-macos-arm64 1.4.3 60.00 OK
r-release-macos-x86_64 1.4.3 102.00 OK
r-release-windows-x86_64 1.4.3 17.00 156.00 173.00 OK
r-oldrel-macos-arm64 1.4.3 66.00 OK
r-oldrel-macos-x86_64 1.4.3 179.00 OK
r-oldrel-windows-x86_64 1.4.3 23.00 182.00 205.00 OK

Check Details

Version: 1.4.3
Check: Rd cross-references
Result: NOTE Found the following Rd file(s) with Rd \link{} targets missing package anchors: bilat.Rd: intersect.owin Please provide package anchors for all Rd \link{} targets not in the package itself and the base packages. Flavor: r-devel-windows-x86_64