CRAN Package Check Results for Package bnclassify

Last updated on 2024-07-18 08:51:04 CEST.

Flavor Version Tinstall Tcheck Ttotal Status Flags
r-devel-linux-x86_64-debian-clang 0.4.8 120.89 133.49 254.38 NOTE
r-devel-linux-x86_64-debian-gcc 0.4.8 76.41 93.86 170.27 NOTE
r-devel-linux-x86_64-fedora-clang 0.4.8 367.68 NOTE
r-devel-linux-x86_64-fedora-gcc 0.4.8 381.26 NOTE
r-devel-windows-x86_64 0.4.8 87.00 182.00 269.00 NOTE
r-patched-linux-x86_64 0.4.8 99.04 129.62 228.66 OK
r-release-linux-x86_64 0.4.8 97.68 130.93 228.61 OK
r-release-macos-arm64 0.4.8 84.00 NOTE
r-release-macos-x86_64 0.4.8 110.00 NOTE
r-release-windows-x86_64 0.4.8 91.00 180.00 271.00 OK
r-oldrel-macos-arm64 0.4.8 89.00 NOTE
r-oldrel-macos-x86_64 0.4.8 181.00 NOTE
r-oldrel-windows-x86_64 0.4.8 81.00 201.00 282.00 OK

Check Details

Version: 0.4.8
Check: compiled code
Result: NOTE File ‘bnclassify/libs/bnclassify.so’: Found non-API call to R: ‘STRING_PTR’ Compiled code should not call non-API entry points in R. See ‘Writing portable packages’ in the ‘Writing R Extensions’ manual, and section ‘Moving into C API compliance’ for issues with the use of non-API entry points. Flavors: r-devel-linux-x86_64-debian-clang, r-devel-linux-x86_64-debian-gcc, r-devel-linux-x86_64-fedora-clang, r-devel-linux-x86_64-fedora-gcc

Version: 0.4.8
Check: compiled code
Result: NOTE File 'bnclassify/libs/x64/bnclassify.dll': Found non-API call to R: 'STRING_PTR' Compiled code should not call non-API entry points in R. See 'Writing portable packages' in the 'Writing R Extensions' manual, and section 'Moving into C API compliance' for issues with the use of non-API entry points. Flavor: r-devel-windows-x86_64

Version: 0.4.8
Check: installed package size
Result: NOTE installed size is 6.7Mb sub-directories of 1Mb or more: libs 5.9Mb Flavors: r-release-macos-arm64, r-release-macos-x86_64, r-oldrel-macos-arm64, r-oldrel-macos-x86_64