CRAN Package Check Results for Package bndovb

Last updated on 2024-06-18 00:57:22 CEST.

Flavor Version Tinstall Tcheck Ttotal Status Flags
r-devel-linux-x86_64-debian-clang 1.1 11.55 96.73 108.28 OK
r-devel-linux-x86_64-debian-gcc 1.1 8.33 73.39 81.72 OK
r-devel-linux-x86_64-fedora-clang 1.1 136.60 NOTE
r-devel-linux-x86_64-fedora-gcc 1.1 149.49 NOTE
r-devel-windows-x86_64 1.1 10.00 84.00 94.00 OK
r-patched-linux-x86_64 1.1 11.21 92.80 104.01 OK
r-release-linux-x86_64 1.1 9.34 95.26 104.60 OK
r-release-macos-arm64 1.1 54.00 OK
r-release-macos-x86_64 1.1 78.00 OK
r-release-windows-x86_64 1.1 11.00 86.00 97.00 OK
r-oldrel-macos-arm64 1.1 48.00 OK
r-oldrel-macos-x86_64 1.1 72.00 OK
r-oldrel-windows-x86_64 1.1 14.00 111.00 125.00 OK

Check Details

Version: 1.1
Check: dependencies in R code
Result: NOTE Namespace in Imports field not imported from: ‘dplyr’ All declared Imports should be used. Flavors: r-devel-linux-x86_64-fedora-clang, r-devel-linux-x86_64-fedora-gcc