CRAN Package Check Results for Package bridgedist

Last updated on 2024-07-21 00:56:13 CEST.

Flavor Version Tinstall Tcheck Ttotal Status Flags
r-devel-linux-x86_64-debian-clang 0.1.2 1.40 33.34 34.74 NOTE
r-devel-linux-x86_64-debian-gcc 0.1.2 1.56 25.09 26.65 NOTE
r-devel-linux-x86_64-fedora-clang 0.1.2 45.77 NOTE
r-devel-linux-x86_64-fedora-gcc 0.1.2 54.61 NOTE
r-devel-windows-x86_64 0.1.2 2.00 46.00 48.00 NOTE
r-patched-linux-x86_64 0.1.2 1.96 31.11 33.07 NOTE
r-release-linux-x86_64 0.1.2 1.77 30.71 32.48 NOTE
r-release-macos-arm64 0.1.2 23.00 OK
r-release-macos-x86_64 0.1.2 34.00 OK
r-release-windows-x86_64 0.1.2 3.00 46.00 49.00 NOTE
r-oldrel-macos-arm64 0.1.2 23.00 OK
r-oldrel-macos-x86_64 0.1.2 35.00 OK
r-oldrel-windows-x86_64 0.1.2 3.00 47.00 50.00 OK

Check Details

Version: 0.1.2
Check: HTML version of manual
Result: NOTE Found the following HTML validation problems: Bridge.html:80:32 (Bridge.Rd:63): Warning: trimming empty <code> Bridge.html:85:32 (Bridge.Rd:65): Warning: trimming empty <code> Flavors: r-devel-linux-x86_64-debian-clang, r-devel-linux-x86_64-debian-gcc, r-devel-linux-x86_64-fedora-clang, r-devel-linux-x86_64-fedora-gcc, r-devel-windows-x86_64, r-patched-linux-x86_64, r-release-linux-x86_64, r-release-windows-x86_64