CRAN Package Check Results for Package camtrapR

Last updated on 2024-07-22 16:57:10 CEST.

Flavor Version Tinstall Tcheck Ttotal Status Flags
r-devel-linux-x86_64-debian-clang 2.3.0 64.39 557.03 621.42 OK
r-devel-linux-x86_64-debian-gcc 2.3.0 47.16 401.25 448.41 NOTE
r-devel-linux-x86_64-fedora-clang 2.3.0 760.63 NOTE
r-devel-linux-x86_64-fedora-gcc 2.3.0 707.67 OK
r-devel-windows-x86_64 2.3.0 47.00 309.00 356.00 NOTE
r-patched-linux-x86_64 2.3.0 66.12 518.56 584.68 OK
r-release-linux-x86_64 2.3.0 55.93 534.60 590.53 OK
r-release-macos-arm64 2.3.0 147.00 NOTE
r-release-macos-x86_64 2.3.0 250.00 NOTE
r-release-windows-x86_64 2.3.0 46.00 310.00 356.00 NOTE
r-oldrel-macos-arm64 2.3.0 157.00 NOTE
r-oldrel-macos-x86_64 2.3.0 348.00 NOTE
r-oldrel-windows-x86_64 2.3.0 64.00 443.00 507.00 NOTE

Check Details

Version: 2.3.0
Check: Rd cross-references
Result: NOTE Found the following Rd file(s) with Rd \link{} targets missing package anchors: plot_coef-commOccu-method.Rd: fit plot_effects-commOccu-method.Rd: fit predict-commOccu-method.Rd: fit Please provide package anchors for all Rd \link{} targets not in the package itself and the base packages. Flavors: r-devel-linux-x86_64-debian-gcc, r-devel-windows-x86_64

Version: 2.3.0
Check: package dependencies
Result: NOTE Package suggested but not available for checking: ‘tesseract’ Flavor: r-devel-linux-x86_64-fedora-clang

Version: 2.3.0
Check: installed package size
Result: NOTE installed size is 7.5Mb sub-directories of 1Mb or more: doc 2.2Mb pictures 4.2Mb Flavors: r-devel-linux-x86_64-fedora-clang, r-devel-windows-x86_64, r-release-macos-arm64, r-release-macos-x86_64, r-release-windows-x86_64, r-oldrel-macos-arm64, r-oldrel-macos-x86_64, r-oldrel-windows-x86_64

Version: 2.3.0
Check: Rd cross-references
Result: NOTE Undeclared package ‘plotrix’ in Rd xrefs Flavor: r-devel-linux-x86_64-fedora-clang