CRAN Package Check Results for Package clifro

Last updated on 2024-07-18 00:54:50 CEST.

Flavor Version Tinstall Tcheck Ttotal Status Flags
r-devel-linux-x86_64-debian-clang 3.2-5 14.12 107.08 121.20 NOTE
r-devel-linux-x86_64-debian-gcc 3.2-5 9.49 78.18 87.67 NOTE
r-devel-linux-x86_64-fedora-clang 3.2-5 148.97 NOTE
r-devel-linux-x86_64-fedora-gcc 3.2-5 158.00 NOTE
r-devel-windows-x86_64 3.2-5 12.00 98.00 110.00 NOTE
r-patched-linux-x86_64 3.2-5 12.75 99.31 112.06 NOTE
r-release-linux-x86_64 3.2-5 12.91 99.81 112.72 NOTE
r-release-macos-arm64 3.2-5 48.00 NOTE
r-release-macos-x86_64 3.2-5 73.00 NOTE
r-release-windows-x86_64 3.2-5 11.00 99.00 110.00 NOTE
r-oldrel-macos-arm64 3.2-5 51.00 OK
r-oldrel-macos-x86_64 3.2-5 83.00 OK
r-oldrel-windows-x86_64 3.2-5 15.00 116.00 131.00 OK

Check Details

Version: 3.2-5
Check: Rd files
Result: NOTE checkRd: (-1) cf_save_kml.Rd:68: Lost braces 68 | \code{\link{cf_find_station}} and code{vignette("choose-station")} for | ^ Flavors: r-devel-linux-x86_64-debian-clang, r-devel-linux-x86_64-debian-gcc, r-devel-linux-x86_64-fedora-clang, r-devel-linux-x86_64-fedora-gcc, r-devel-windows-x86_64, r-patched-linux-x86_64, r-release-linux-x86_64, r-release-macos-arm64, r-release-macos-x86_64, r-release-windows-x86_64