CRAN Package Check Results for Package cmprskcoxmsm

Last updated on 2024-07-13 00:55:22 CEST.

Flavor Version Tinstall Tcheck Ttotal Status Flags
r-devel-linux-x86_64-debian-clang 0.2.1 13.38 139.70 153.08 OK
r-devel-linux-x86_64-debian-gcc 0.2.1 10.46 101.97 112.43 OK
r-devel-linux-x86_64-fedora-clang 0.2.1 195.60 OK
r-devel-linux-x86_64-fedora-gcc 0.2.1 204.55 OK
r-devel-windows-x86_64 0.2.1 13.00 134.00 147.00 OK
r-patched-linux-x86_64 0.2.1 10.47 133.05 143.52 OK
r-release-linux-x86_64 0.2.1 10.85 129.91 140.76 OK
r-release-macos-arm64 0.2.1 62.00 OK
r-release-macos-x86_64 0.2.1 115.00 OK
r-release-windows-x86_64 0.2.1 13.00 134.00 147.00 OK
r-oldrel-macos-arm64 0.2.1 73.00 OK
r-oldrel-macos-x86_64 0.2.1 109.00 NOTE
r-oldrel-windows-x86_64 0.2.1 17.00 150.00 167.00 OK

Check Details

Version: 0.2.1
Check: re-building of vignette outputs
Result: NOTE Error(s) in re-building vignettes: ... --- re-building ‘weight_cause_cox.rnw’ using Sweave Error: processing vignette 'weight_cause_cox.rnw' failed with diagnostics: Running 'texi2dvi' on 'weight_cause_cox.tex' failed. LaTeX errors: ! LaTeX Error: File `pgfplots.sty' not found. Type X to quit or <RETURN> to proceed, or enter new name. (Default extension: sty) ! Emergency stop. <read *> l.28 \pgfplotsset {compat=1.10}^^M ! ==> Fatal error occurred, no output PDF file produced! --- failed re-building ‘weight_cause_cox.rnw’ SUMMARY: processing the following file failed: ‘weight_cause_cox.rnw’ Error: Vignette re-building failed. Execution halted Flavor: r-oldrel-macos-x86_64