CRAN Package Check Results for Package compas

Last updated on 2024-05-20 00:51:48 CEST.

Flavor Version Tinstall Tcheck Ttotal Status Flags
r-devel-linux-x86_64-debian-clang 0.1.1 111.15 30.76 141.91 NOTE
r-devel-linux-x86_64-debian-gcc 0.1.1 100.48 29.58 130.06 NOTE
r-devel-linux-x86_64-fedora-clang 0.1.1 136.03 NOTE
r-devel-linux-x86_64-fedora-gcc 0.1.1 153.93 NOTE
r-devel-windows-x86_64 0.1.1 80.00 67.00 147.00 NOTE
r-patched-linux-x86_64 0.1.1 111.79 35.64 147.43 NOTE
r-release-linux-x86_64 0.1.1 116.94 35.86 152.80 NOTE
r-release-macos-arm64 0.1.1 43.00 NOTE
r-release-windows-x86_64 0.1.1 81.00 69.00 150.00 NOTE
r-oldrel-macos-arm64 0.1.1 55.00 NOTE
r-oldrel-macos-x86_64 0.1.1 83.00 NOTE
r-oldrel-windows-x86_64 0.1.1 107.00 80.00 187.00 OK

Check Details

Version: 0.1.1
Check: Rd files
Result: NOTE checkRd: (-1) atomdeps.Rd:9: Lost braces 9 | \item{"tangle"}: {Dihedral angle defined by atoms A-B-C-D as described below. \code{NA}'s represent the free side chain dihedral angles \emph{chi} for that amino acid.} | ^ checkRd: (-1) atomdeps.Rd:10: Lost braces; missing escapes or markup? 10 | \item{"names"}: {The component atoms of the amino acid side chain. Represents atom D in the dihedral.} | ^ checkRd: (-1) atomdeps.Rd:11: Lost braces; missing escapes or markup? 11 | \item{"matx"}: {The names of atoms A,B,C in the dihedral, with rows corresponding to the atoms in "names".} | ^ checkRd: (-1) atomdeps.Rd:12: Lost braces; missing escapes or markup? 12 | \item{"bangle"}: {Planar bond angle formed between B-C-D} | ^ checkRd: (-1) atomdeps.Rd:13: Lost braces; missing escapes or markup? 13 | \item{"blength"}: {Bond length between C-D} | ^ Flavors: r-devel-linux-x86_64-debian-clang, r-devel-linux-x86_64-debian-gcc, r-devel-linux-x86_64-fedora-clang, r-devel-linux-x86_64-fedora-gcc, r-devel-windows-x86_64, r-patched-linux-x86_64, r-release-linux-x86_64, r-release-macos-arm64, r-release-windows-x86_64

Version: 0.1.1
Check: installed package size
Result: NOTE installed size is 34.8Mb sub-directories of 1Mb or more: R 1.5Mb libs 33.2Mb Flavors: r-release-macos-arm64, r-oldrel-macos-arm64, r-oldrel-macos-x86_64