CRAN Package Check Results for Package conformalInference.multi

Last updated on 2024-07-20 16:49:00 CEST.

Flavor Version Tinstall Tcheck Ttotal Status Flags
r-devel-linux-x86_64-debian-clang 1.1.1 3.70 47.09 50.79 OK
r-devel-linux-x86_64-debian-gcc 1.1.1 2.11 35.09 37.20 OK
r-devel-linux-x86_64-fedora-clang 1.1.1 63.78 OK
r-devel-linux-x86_64-fedora-gcc 1.1.1 59.43 OK
r-devel-windows-x86_64 1.1.1 6.00 61.00 67.00 NOTE
r-patched-linux-x86_64 1.1.1 9.23 44.70 53.93 OK
r-release-linux-x86_64 1.1.1 2.65 44.72 47.37 OK
r-release-macos-arm64 1.1.1 25.00 OK
r-release-macos-x86_64 1.1.1 35.00 OK
r-release-windows-x86_64 1.1.1 5.00 61.00 66.00 OK
r-oldrel-macos-arm64 1.1.1 27.00 OK
r-oldrel-macos-x86_64 1.1.1 36.00 OK
r-oldrel-windows-x86_64 1.1.1 5.00 70.00 75.00 OK

Check Details

Version: 1.1.1
Check: Rd cross-references
Result: NOTE Found the following Rd file(s) with Rd \link{} targets missing package anchors: conformal.multidim.full.Rd: future.apply conformal.multidim.msplit.Rd: future.apply glmnet.funs.Rd: glmnet plot_multidim.Rd: ggplot2, gridExtra, hrbrthemes Please provide package anchors for all Rd \link{} targets not in the package itself and the base packages. Flavor: r-devel-windows-x86_64