CRAN Package Check Results for Package conmet

Last updated on 2024-06-05 00:48:45 CEST.

Flavor Version Tinstall Tcheck Ttotal Status Flags
r-devel-linux-x86_64-debian-clang 0.1.0 4.81 38.38 43.19 OK
r-devel-linux-x86_64-debian-gcc 0.1.0 3.43 28.90 32.33 OK
r-devel-linux-x86_64-fedora-clang 0.1.0 52.68 NOTE
r-devel-linux-x86_64-fedora-gcc 0.1.0 50.59 NOTE
r-devel-windows-x86_64 0.1.0 6.00 54.00 60.00 OK
r-patched-linux-x86_64 0.1.0 3.22 36.96 40.18 OK
r-release-linux-x86_64 0.1.0 2.65 35.91 38.56 OK
r-release-macos-arm64 0.1.0 22.00 OK
r-release-windows-x86_64 0.1.0 5.00 54.00 59.00 OK
r-oldrel-macos-arm64 0.1.0 22.00 OK
r-oldrel-macos-x86_64 0.1.0 28.00 OK
r-oldrel-windows-x86_64 0.1.0 7.00 61.00 68.00 OK

Check Details

Version: 0.1.0
Check: dependencies in R code
Result: NOTE Namespaces in Imports field not imported from: ‘DT’ ‘Hmisc’ ‘dplyr’ ‘foreign’ ‘lavaan’ ‘openxlsx’ ‘purrr’ ‘semTools’ ‘shinyWidgets’ ‘stringr’ ‘summarytools’ ‘waiter’ All declared Imports should be used. Flavors: r-devel-linux-x86_64-fedora-clang, r-devel-linux-x86_64-fedora-gcc