CRAN Package Check Results for Package corrarray

Last updated on 2024-06-18 16:49:46 CEST.

Flavor Version Tinstall Tcheck Ttotal Status Flags
r-devel-linux-x86_64-debian-clang 1.2.0 7.32 54.56 61.88 NOTE
r-devel-linux-x86_64-debian-gcc 1.2.0 5.40 41.74 47.14 NOTE
r-devel-linux-x86_64-fedora-clang 1.2.0 76.30 NOTE
r-devel-linux-x86_64-fedora-gcc 1.2.0 80.15 NOTE
r-devel-windows-x86_64 1.2.0 7.00 61.00 68.00 NOTE
r-patched-linux-x86_64 1.2.0 13.63 54.47 68.10 NOTE
r-release-linux-x86_64 1.2.0 4.35 54.52 58.87 NOTE
r-release-macos-arm64 1.2.0 26.00 NOTE
r-release-macos-x86_64 1.2.0 43.00 NOTE
r-release-windows-x86_64 1.2.0 7.00 60.00 67.00 NOTE
r-oldrel-macos-arm64 1.2.0 26.00 NOTE
r-oldrel-macos-x86_64 1.2.0 42.00 NOTE
r-oldrel-windows-x86_64 1.2.0 9.00 68.00 77.00 NOTE

Check Details

Version: 1.2.0
Check: LazyData
Result: NOTE 'LazyData' is specified without a 'data' directory Flavors: r-devel-linux-x86_64-debian-clang, r-devel-linux-x86_64-debian-gcc, r-devel-linux-x86_64-fedora-clang, r-devel-linux-x86_64-fedora-gcc, r-devel-windows-x86_64, r-patched-linux-x86_64, r-release-linux-x86_64, r-release-macos-arm64, r-release-macos-x86_64, r-release-windows-x86_64, r-oldrel-macos-arm64, r-oldrel-macos-x86_64, r-oldrel-windows-x86_64