CRAN Package Check Results for Package corrgrapher

Last updated on 2024-07-22 16:57:11 CEST.

Flavor Version Tinstall Tcheck Ttotal Status Flags
r-devel-linux-x86_64-debian-clang 1.0.4 4.26 198.33 202.59 OK
r-devel-linux-x86_64-debian-gcc 1.0.4 2.83 172.49 175.32 NOTE
r-devel-linux-x86_64-fedora-clang 1.0.4 280.30 OK
r-devel-linux-x86_64-fedora-gcc 1.0.4 289.16 OK
r-devel-windows-x86_64 1.0.4 8.00 138.00 146.00 NOTE
r-patched-linux-x86_64 1.0.4 8.99 187.81 196.80 OK
r-release-linux-x86_64 1.0.4 3.49 197.31 200.80 OK
r-release-macos-arm64 1.0.4 68.00 OK
r-release-macos-x86_64 1.0.4 96.00 OK
r-release-windows-x86_64 1.0.4 6.00 144.00 150.00 OK
r-oldrel-macos-arm64 1.0.4 79.00 OK
r-oldrel-macos-x86_64 1.0.4 112.00 OK
r-oldrel-windows-x86_64 1.0.4 6.00 160.00 166.00 OK

Check Details

Version: 1.0.4
Check: Rd cross-references
Result: NOTE Found the following Rd file(s) with Rd \link{} targets missing package anchors: corrgrapher.Rd: visNetwork plot.corrgrapher.Rd: visNetwork Please provide package anchors for all Rd \link{} targets not in the package itself and the base packages. Flavors: r-devel-linux-x86_64-debian-gcc, r-devel-windows-x86_64