CRAN Package Check Results for Package ctpm

Last updated on 2024-07-20 00:56:44 CEST.

Flavor Version Tinstall Tcheck Ttotal Status Flags
r-devel-linux-x86_64-debian-clang 1.0.1 37.88 544.81 582.69 OK
r-devel-linux-x86_64-debian-gcc 1.0.1 26.22 405.05 431.27 OK
r-devel-linux-x86_64-fedora-clang 1.0.1 692.07 OK
r-devel-linux-x86_64-fedora-gcc 1.0.1 684.53 OK
r-devel-windows-x86_64 1.0.1 101.00 506.00 607.00 NOTE
r-patched-linux-x86_64 1.0.1 38.69 519.26 557.95 OK
r-release-linux-x86_64 1.0.1 31.30 518.07 549.37 OK
r-release-macos-arm64 1.0.1 189.00 OK
r-release-macos-x86_64 1.0.1 344.00 OK
r-release-windows-x86_64 1.0.1 93.00 504.00 597.00 OK
r-oldrel-macos-arm64 1.0.1 209.00 OK
r-oldrel-macos-x86_64 1.0.1 6.00 ERROR
r-oldrel-windows-x86_64 1.0.1 121.00 631.00 752.00 OK

Check Details

Version: 1.0.1
Check: Rd cross-references
Result: NOTE Found the following Rd file(s) with Rd \link{} targets missing package anchors: ctpm.fit.Rd: slouch, plot.variogram variogram.Rd: plot.variogram Please provide package anchors for all Rd \link{} targets not in the package itself and the base packages. Flavor: r-devel-windows-x86_64

Version: 1.0.1
Check: package dependencies
Result: ERROR Package required but not available: ‘ctmm’ See section ‘The DESCRIPTION file’ in the ‘Writing R Extensions’ manual. Flavor: r-oldrel-macos-x86_64