CRAN Package Check Results for Package dataMaid

Last updated on 2024-07-24 00:53:47 CEST.

Flavor Version Tinstall Tcheck Ttotal Status Flags
r-devel-linux-x86_64-debian-clang 1.4.1 10.96 100.81 111.77 NOTE
r-devel-linux-x86_64-debian-gcc 1.4.1 8.16 75.43 83.59 NOTE
r-devel-linux-x86_64-fedora-clang 1.4.1 148.24 NOTE
r-devel-linux-x86_64-fedora-gcc 1.4.1 146.38 NOTE
r-devel-windows-x86_64 1.4.1 12.00 110.00 122.00 NOTE
r-patched-linux-x86_64 1.4.1 22.19 95.48 117.67 NOTE
r-release-linux-x86_64 1.4.1 6.13 94.86 100.99 NOTE
r-release-macos-arm64 1.4.1 49.00 NOTE
r-release-macos-x86_64 1.4.1 70.00 NOTE
r-release-windows-x86_64 1.4.1 10.00 109.00 119.00 NOTE
r-oldrel-macos-arm64 1.4.1 52.00 OK
r-oldrel-macos-x86_64 1.4.1 82.00 OK
r-oldrel-windows-x86_64 1.4.1 13.00 121.00 134.00 OK

Check Details

Version: 1.4.1
Check: Rd files
Result: NOTE checkRd: (-1) defaultFactorSummaries.Rd:29: Lost braces 29 | code{\link{variableType}}, \code{\link{countMissing}}, \code{\link{uniqueValues}}, | ^ Flavors: r-devel-linux-x86_64-debian-clang, r-devel-linux-x86_64-debian-gcc, r-devel-linux-x86_64-fedora-clang, r-devel-linux-x86_64-fedora-gcc, r-devel-windows-x86_64, r-patched-linux-x86_64, r-release-linux-x86_64, r-release-macos-arm64, r-release-macos-x86_64, r-release-windows-x86_64

Version: 1.4.1
Check: Rd cross-references
Result: NOTE Found the following Rd file(s) with Rd \link{} targets missing package anchors: identifyOutliers.Rd: mc Please provide package anchors for all Rd \link{} targets not in the package itself and the base packages. Flavors: r-devel-linux-x86_64-debian-gcc, r-devel-windows-x86_64