CRAN Package Check Results for Package dbhydroR

Last updated on 2024-07-23 00:54:25 CEST.

Flavor Version Tinstall Tcheck Ttotal Status Flags
r-devel-linux-x86_64-debian-clang 0.2-8 5.10 57.39 62.49 NOTE
r-devel-linux-x86_64-debian-gcc 0.2-8 4.04 42.76 46.80 NOTE
r-devel-linux-x86_64-fedora-clang 0.2-8 81.08 NOTE
r-devel-linux-x86_64-fedora-gcc 0.2-8 90.29 NOTE
r-devel-windows-x86_64 0.2-8 7.00 63.00 70.00 NOTE
r-patched-linux-x86_64 0.2-8 4.85 53.57 58.42 NOTE
r-release-linux-x86_64 0.2-8 4.91 54.97 59.88 NOTE
r-release-macos-arm64 0.2-8 30.00 NOTE
r-release-macos-x86_64 0.2-8 50.00 NOTE
r-release-windows-x86_64 0.2-8 5.00 62.00 67.00 NOTE
r-oldrel-macos-arm64 0.2-8 32.00 NOTE
r-oldrel-macos-x86_64 0.2-8 48.00 NOTE
r-oldrel-windows-x86_64 0.2-8 7.00 66.00 73.00 NOTE

Check Details

Version: 0.2-8
Check: LazyData
Result: NOTE 'LazyData' is specified without a 'data' directory Flavors: r-devel-linux-x86_64-debian-clang, r-devel-linux-x86_64-debian-gcc, r-devel-linux-x86_64-fedora-clang, r-devel-linux-x86_64-fedora-gcc, r-devel-windows-x86_64, r-patched-linux-x86_64, r-release-linux-x86_64, r-release-macos-arm64, r-release-macos-x86_64, r-release-windows-x86_64, r-oldrel-macos-arm64, r-oldrel-macos-x86_64, r-oldrel-windows-x86_64