CRAN Package Check Results for Package dcortools

Last updated on 2024-06-24 08:49:55 CEST.

Flavor Version Tinstall Tcheck Ttotal Status Flags
r-devel-linux-x86_64-debian-clang 0.1.6 74.03 60.01 134.04 NOTE
r-devel-linux-x86_64-debian-gcc 0.1.6 44.05 43.62 87.67 NOTE
r-devel-linux-x86_64-fedora-clang 0.1.6 183.30 NOTE
r-devel-linux-x86_64-fedora-gcc 0.1.6 196.92 NOTE
r-devel-windows-x86_64 0.1.6 59.00 82.00 141.00 NOTE
r-patched-linux-x86_64 0.1.6 62.63 57.93 120.56 NOTE
r-release-linux-x86_64 0.1.6 43.87 57.81 101.68 NOTE
r-release-macos-arm64 0.1.6 39.00 NOTE
r-release-macos-x86_64 0.1.6 53.00 NOTE
r-release-windows-x86_64 0.1.6 63.00 82.00 145.00 NOTE
r-oldrel-macos-arm64 0.1.6 43.00 NOTE
r-oldrel-macos-x86_64 0.1.6 75.00 NOTE
r-oldrel-windows-x86_64 0.1.6 75.00 93.00 168.00 NOTE

Check Details

Version: 0.1.6
Check: C++ specification
Result: NOTE Specified C++11: please drop specification unless essential Flavors: r-devel-linux-x86_64-debian-clang, r-devel-linux-x86_64-debian-gcc, r-devel-linux-x86_64-fedora-clang, r-devel-linux-x86_64-fedora-gcc, r-devel-windows-x86_64, r-patched-linux-x86_64, r-release-linux-x86_64, r-release-macos-arm64, r-release-macos-x86_64, r-release-windows-x86_64, r-oldrel-macos-arm64, r-oldrel-macos-x86_64, r-oldrel-windows-x86_64