CRAN Package Check Results for Package desctable

Last updated on 2024-07-24 00:53:47 CEST.

Flavor Version Tinstall Tcheck Ttotal Status Flags
r-devel-linux-x86_64-debian-clang 0.3.0 6.12 72.17 78.29 OK
r-devel-linux-x86_64-debian-gcc 0.3.0 5.69 56.74 62.43 NOTE
r-devel-linux-x86_64-fedora-clang 0.3.0 104.58 NOTE
r-devel-linux-x86_64-fedora-gcc 0.3.0 112.73 OK
r-devel-windows-x86_64 0.3.0 11.00 80.00 91.00 NOTE
r-patched-linux-x86_64 0.3.0 15.27 72.04 87.31 OK
r-release-linux-x86_64 0.3.0 4.82 72.51 77.33 OK
r-release-macos-arm64 0.3.0 42.00 OK
r-release-macos-x86_64 0.3.0 59.00 OK
r-release-windows-x86_64 0.3.0 8.00 81.00 89.00 OK
r-oldrel-macos-arm64 0.3.0 39.00 OK
r-oldrel-macos-x86_64 0.3.0 62.00 OK
r-oldrel-windows-x86_64 0.3.0 10.00 90.00 100.00 OK

Check Details

Version: 0.3.0
Check: Rd cross-references
Result: NOTE Found the following Rd file(s) with Rd \link{} targets missing package anchors: pander.desctable.Rd: pandoc.table Please provide package anchors for all Rd \link{} targets not in the package itself and the base packages. Flavors: r-devel-linux-x86_64-debian-gcc, r-devel-windows-x86_64

Version: 0.3.0
Check: Rd cross-references
Result: NOTE Undeclared package ‘htmlwidgets’ in Rd xrefs Flavor: r-devel-linux-x86_64-fedora-clang