CRAN Package Check Results for Package diffpriv

Last updated on 2024-06-05 00:48:46 CEST.

Flavor Version Tinstall Tcheck Ttotal Status Flags
r-devel-linux-x86_64-debian-clang 0.4.2 5.31 73.98 79.29 NOTE
r-devel-linux-x86_64-debian-gcc 0.4.2 3.86 56.87 60.73 NOTE
r-devel-linux-x86_64-fedora-clang 0.4.2 101.55 NOTE
r-devel-linux-x86_64-fedora-gcc 0.4.2 111.44 NOTE
r-devel-windows-x86_64 0.4.2 5.00 112.00 117.00 NOTE
r-patched-linux-x86_64 0.4.2 6.36 70.48 76.84 WARN
r-release-linux-x86_64 0.4.2 4.83 73.96 78.79 NOTE
r-release-macos-arm64 0.4.2 40.00 NOTE
r-release-windows-x86_64 0.4.2 5.00 114.00 119.00 NOTE
r-oldrel-macos-arm64 0.4.2 40.00 NOTE
r-oldrel-macos-x86_64 0.4.2 64.00 NOTE
r-oldrel-windows-x86_64 0.4.2 5.00 147.00 152.00 NOTE

Check Details

Version: 0.4.2
Check: Rd files
Result: NOTE checkRd: (-1) sensitivitySamplerManual-DPMech-function-numeric-numeric-numeric-method.Rd:25: Lost braces 25 | \item{k}{order statistic index in {1,...,\code{m}}.} | ^ checkRd: (-1) sensitivitySamplerManual-DPMechNumeric-function-numeric-numeric-numeric-method.Rd:25: Lost braces 25 | \item{k}{order statistic index in {1,...,\code{m}}.} | ^ checkRd: (-1) sensitivitySamplerManual.Rd:22: Lost braces 22 | \item{k}{order statistic index in {1,...,\code{m}}.} | ^ Flavors: r-devel-linux-x86_64-debian-clang, r-devel-linux-x86_64-debian-gcc, r-devel-linux-x86_64-fedora-clang, r-devel-linux-x86_64-fedora-gcc, r-devel-windows-x86_64, r-patched-linux-x86_64, r-release-linux-x86_64, r-release-macos-arm64, r-release-windows-x86_64

Version: 0.4.2
Check: LazyData
Result: NOTE 'LazyData' is specified without a 'data' directory Flavors: r-devel-linux-x86_64-debian-clang, r-devel-linux-x86_64-debian-gcc, r-devel-linux-x86_64-fedora-clang, r-devel-linux-x86_64-fedora-gcc, r-devel-windows-x86_64, r-patched-linux-x86_64, r-release-linux-x86_64, r-release-macos-arm64, r-release-windows-x86_64, r-oldrel-macos-arm64, r-oldrel-macos-x86_64, r-oldrel-windows-x86_64

Version: 0.4.2
Check: re-building of vignette outputs
Result: WARN Error(s) in re-building vignettes: ... --- re-building ‘bernstein.Rnw’ using knitr Error: processing vignette 'bernstein.Rnw' failed with diagnostics: Running 'texi2dvi' on 'bernstein.tex' failed. LaTeX errors: ! Undefined control sequence. l.127 \hlkwd{library}\hldef {(diffpriv)} ? ! Emergency stop. ! Emergency stop. l.127 End of file on the terminal! ! ==> Fatal error occurred, no output PDF file produced! --- failed re-building ‘bernstein.Rnw’ --- re-building ‘diffpriv.Rnw’ using knitr Error: processing vignette 'diffpriv.Rnw' failed with diagnostics: Running 'texi2dvi' on 'diffpriv.tex' failed. LaTeX errors: ! Undefined control sequence. l.257 \hlkwd{library}\hldef {(diffpriv)} ? ! Emergency stop. ! Emergency stop. l.257 End of file on the terminal! ! ==> Fatal error occurred, no output PDF file produced! --- failed re-building ‘diffpriv.Rnw’ SUMMARY: processing the following files failed: ‘bernstein.Rnw’ ‘diffpriv.Rnw’ Error: Vignette re-building failed. Execution halted Flavor: r-patched-linux-x86_64