CRAN Package Check Results for Package diffr

Last updated on 2024-07-23 16:49:02 CEST.

Flavor Version Tinstall Tcheck Ttotal Status Flags
r-devel-linux-x86_64-debian-clang 0.1 2.73 29.17 31.90 NOTE
r-devel-linux-x86_64-debian-gcc 0.1 1.98 22.25 24.23 NOTE
r-devel-linux-x86_64-fedora-clang 0.1 40.29 NOTE
r-devel-linux-x86_64-fedora-gcc 0.1 38.94 NOTE
r-devel-windows-x86_64 0.1 6.00 50.00 56.00 NOTE
r-patched-linux-x86_64 0.1 6.11 27.17 33.28 NOTE
r-release-linux-x86_64 0.1 2.33 28.52 30.85 NOTE
r-release-macos-arm64 0.1 18.00 NOTE
r-release-macos-x86_64 0.1 27.00 NOTE
r-release-windows-x86_64 0.1 4.00 49.00 53.00 NOTE
r-oldrel-macos-arm64 0.1 18.00 NOTE
r-oldrel-macos-x86_64 0.1 25.00 NOTE
r-oldrel-windows-x86_64 0.1 5.00 49.00 54.00 NOTE

Check Details

Version: 0.1
Check: LazyData
Result: NOTE 'LazyData' is specified without a 'data' directory Flavors: r-devel-linux-x86_64-debian-clang, r-devel-linux-x86_64-debian-gcc, r-devel-linux-x86_64-fedora-clang, r-devel-linux-x86_64-fedora-gcc, r-devel-windows-x86_64, r-patched-linux-x86_64, r-release-linux-x86_64, r-release-macos-arm64, r-release-macos-x86_64, r-release-windows-x86_64, r-oldrel-macos-arm64, r-oldrel-macos-x86_64, r-oldrel-windows-x86_64

Version: 0.1
Check: Rd cross-references
Result: NOTE Found the following Rd file(s) with Rd \link{} targets missing package anchors: diffr.Rd: createWidget Please provide package anchors for all Rd \link{} targets not in the package itself and the base packages. Flavors: r-devel-linux-x86_64-debian-gcc, r-devel-windows-x86_64