CRAN Package Check Results for Package distreg.vis

Last updated on 2024-07-20 00:56:45 CEST.

Flavor Version Tinstall Tcheck Ttotal Status Flags
r-devel-linux-x86_64-debian-clang 1.7.5 20.52 189.58 210.10 OK
r-devel-linux-x86_64-debian-gcc 1.7.5 15.12 143.94 159.06 OK
r-devel-linux-x86_64-fedora-clang 1.7.5 279.04 OK
r-devel-linux-x86_64-fedora-gcc 1.7.5 244.32 OK
r-devel-windows-x86_64 1.7.5 18.00 148.00 166.00 NOTE
r-patched-linux-x86_64 1.7.5 22.79 179.37 202.16 OK
r-release-linux-x86_64 1.7.5 11.71 185.39 197.10 OK
r-release-macos-arm64 1.7.5 80.00 OK
r-release-macos-x86_64 1.7.5 131.00 OK
r-release-windows-x86_64 1.7.5 18.00 150.00 168.00 OK
r-oldrel-macos-arm64 1.7.5 79.00 OK
r-oldrel-macos-x86_64 1.7.5 153.00 OK
r-oldrel-windows-x86_64 1.7.5 21.00 181.00 202.00 OK

Check Details

Version: 1.7.5
Check: Rd cross-references
Result: NOTE Found the following Rd file(s) with Rd \link{} targets missing package anchors: dists.Rd: betareg moments.Rd: betareg, gamlss, bamlss plot_dist.Rd: gamlss, bamlss, betareg, ggplot2 plot_moments.Rd: gamlss, bamlss, betareg Please provide package anchors for all Rd \link{} targets not in the package itself and the base packages. Flavor: r-devel-windows-x86_64