CRAN Package Check Results for Package doMPI

Last updated on 2024-06-05 00:48:46 CEST.

Flavor Version Tinstall Tcheck Ttotal Status Flags
r-devel-linux-x86_64-debian-clang 0.2.2 4.15 38.86 43.01 OK
r-devel-linux-x86_64-debian-gcc 0.2.2 3.43 30.48 33.91 OK
r-devel-linux-x86_64-fedora-clang 0.2.2 61.56 OK
r-devel-linux-x86_64-fedora-gcc 0.2.2 71.82 OK
r-devel-windows-x86_64 0.2.2 4.00 57.00 61.00 OK
r-patched-linux-x86_64 0.2.2 4.26 37.33 41.59 OK
r-release-linux-x86_64 0.2.2 4.35 37.32 41.67 OK
r-release-macos-arm64 0.2.2 5.00 ERROR
r-release-macos-x86_64 0.2.2 8.00 ERROR
r-release-windows-x86_64 0.2.2 4.00 58.00 62.00 OK
r-oldrel-macos-arm64 0.2.2 11.00 ERROR
r-oldrel-macos-x86_64 0.2.2 11.00 ERROR
r-oldrel-windows-x86_64 0.2.2 5.00 57.00 62.00 OK

Check Details

Version: 0.2.2
Check: package dependencies
Result: ERROR Package required but not available: ‘Rmpi’ See section ‘The DESCRIPTION file’ in the ‘Writing R Extensions’ manual. Flavors: r-release-macos-arm64, r-release-macos-x86_64, r-oldrel-macos-arm64, r-oldrel-macos-x86_64