CRAN Package Check Results for Package dosearch

Last updated on 2024-05-18 16:48:02 CEST.

Flavor Version Tinstall Tcheck Ttotal Status Flags
r-devel-linux-x86_64-debian-clang 1.0.8 61.11 40.47 101.58 NOTE
r-devel-linux-x86_64-debian-gcc 1.0.8 49.46 29.71 79.17 NOTE
r-devel-linux-x86_64-fedora-clang 1.0.8 163.72 NOTE
r-devel-linux-x86_64-fedora-gcc 1.0.8 196.54 NOTE
r-devel-windows-x86_64 1.0.8 48.00 66.00 114.00 NOTE
r-patched-linux-x86_64 1.0.8 62.05 37.72 99.77 NOTE
r-release-linux-x86_64 1.0.8 62.23 37.97 100.20 NOTE
r-release-macos-arm64 1.0.8 32.00 NOTE
r-release-windows-x86_64 1.0.8 51.00 74.00 125.00 NOTE
r-oldrel-macos-arm64 1.0.8 38.00 NOTE
r-oldrel-macos-x86_64 1.0.8 65.00 NOTE
r-oldrel-windows-x86_64 1.0.8 51.00 82.00 133.00 NOTE

Check Details

Version: 1.0.8
Check: C++ specification
Result: NOTE Specified C++11: please drop specification unless essential Flavors: r-devel-linux-x86_64-debian-clang, r-devel-linux-x86_64-debian-gcc, r-devel-linux-x86_64-fedora-clang, r-devel-linux-x86_64-fedora-gcc, r-devel-windows-x86_64, r-patched-linux-x86_64, r-release-linux-x86_64, r-release-macos-arm64, r-release-windows-x86_64, r-oldrel-macos-arm64, r-oldrel-macos-x86_64, r-oldrel-windows-x86_64