CRAN Package Check Results for Package dynatop

Last updated on 2024-06-20 08:54:46 CEST.

Flavor Version Tinstall Tcheck Ttotal Status Flags
r-devel-linux-x86_64-debian-clang 0.2.3 51.08 84.80 135.88 NOTE
r-devel-linux-x86_64-debian-gcc 0.2.3 33.09 62.51 95.60 NOTE
r-devel-linux-x86_64-fedora-clang 0.2.3 188.14 NOTE
r-devel-linux-x86_64-fedora-gcc 0.2.3 208.24 NOTE
r-devel-windows-x86_64 0.2.3 39.00 116.00 155.00 NOTE
r-patched-linux-x86_64 0.2.3 37.78 80.21 117.99 NOTE
r-release-linux-x86_64 0.2.3 42.14 82.96 125.10 NOTE
r-release-macos-arm64 0.2.3 58.00 NOTE
r-release-macos-x86_64 0.2.3 78.00 NOTE
r-release-windows-x86_64 0.2.3 39.00 114.00 153.00 NOTE
r-oldrel-macos-arm64 0.2.3 70.00 NOTE
r-oldrel-macos-x86_64 0.2.3 98.00 NOTE
r-oldrel-windows-x86_64 0.2.3 48.00 131.00 179.00 NOTE

Check Details

Version: 0.2.3
Check: C++ specification
Result: NOTE Specified C++11: please drop specification unless essential Flavors: r-devel-linux-x86_64-debian-clang, r-devel-linux-x86_64-debian-gcc, r-devel-linux-x86_64-fedora-clang, r-devel-linux-x86_64-fedora-gcc, r-devel-windows-x86_64, r-patched-linux-x86_64, r-release-linux-x86_64, r-release-macos-arm64, r-release-macos-x86_64, r-release-windows-x86_64, r-oldrel-macos-arm64, r-oldrel-macos-x86_64, r-oldrel-windows-x86_64