CRAN Package Check Results for Package ecosim

Last updated on 2024-07-14 08:48:20 CEST.

Flavor Version Tinstall Tcheck Ttotal Status Flags
r-devel-linux-x86_64-debian-clang 1.3-4 5.25 57.85 63.10 OK
r-devel-linux-x86_64-debian-gcc 1.3-4 2.98 41.59 44.57 OK
r-devel-linux-x86_64-fedora-clang 1.3-4 75.59 OK
r-devel-linux-x86_64-fedora-gcc 1.3-4 72.65 OK
r-devel-windows-x86_64 1.3-4 3.00 60.00 63.00 NOTE
r-patched-linux-x86_64 1.3-4 5.90 56.87 62.77 OK
r-release-linux-x86_64 1.3-4 4.51 54.25 58.76 OK
r-release-macos-arm64 1.3-4 23.00 OK
r-release-macos-x86_64 1.3-4 35.00 OK
r-release-windows-x86_64 1.3-4 4.00 61.00 65.00 OK
r-oldrel-macos-arm64 1.3-4 24.00 OK
r-oldrel-macos-x86_64 1.3-4 53.00 OK
r-oldrel-windows-x86_64 1.3-4 4.00 65.00 69.00 OK

Check Details

Version: 1.3-4
Check: Rd cross-references
Result: NOTE Found the following Rd file(s) with Rd \link{} targets missing package anchors: calcres.Rd: ode ecosim-package.Rd: calc.stoich.coef, ode process-class.Rd: calc.stoich.coef system-class.Rd: ode Please provide package anchors for all Rd \link{} targets not in the package itself and the base packages. Flavor: r-devel-windows-x86_64