CRAN Package Check Results for Package edina

Last updated on 2024-07-22 00:50:35 CEST.

Flavor Version Tinstall Tcheck Ttotal Status Flags
r-devel-linux-x86_64-debian-clang 0.1.1 36.54 57.61 94.15 NOTE
r-devel-linux-x86_64-debian-gcc 0.1.1 25.26 43.24 68.50 NOTE
r-devel-linux-x86_64-fedora-clang 0.1.1 138.10 NOTE
r-devel-linux-x86_64-fedora-gcc 0.1.1 136.17 NOTE
r-devel-windows-x86_64 0.1.1 34.00 82.00 116.00 NOTE
r-patched-linux-x86_64 0.1.1 33.65 54.52 88.17 NOTE
r-release-linux-x86_64 0.1.1 34.16 55.83 89.99 NOTE
r-release-macos-arm64 0.1.1 39.00 NOTE
r-release-macos-x86_64 0.1.1 51.00 NOTE
r-release-windows-x86_64 0.1.1 37.00 82.00 119.00 NOTE
r-oldrel-macos-arm64 0.1.1 39.00 NOTE
r-oldrel-macos-x86_64 0.1.1 63.00 NOTE
r-oldrel-windows-x86_64 0.1.1 43.00 95.00 138.00 NOTE

Check Details

Version: 0.1.1
Check: C++ specification
Result: NOTE Specified C++11: please drop specification unless essential Flavors: r-devel-linux-x86_64-debian-clang, r-devel-linux-x86_64-debian-gcc, r-devel-linux-x86_64-fedora-clang, r-devel-linux-x86_64-fedora-gcc, r-devel-windows-x86_64, r-patched-linux-x86_64, r-release-linux-x86_64, r-release-macos-arm64, r-release-macos-x86_64, r-release-windows-x86_64, r-oldrel-macos-arm64, r-oldrel-macos-x86_64, r-oldrel-windows-x86_64

Version: 0.1.1
Check: LazyData
Result: NOTE 'LazyData' is specified without a 'data' directory Flavors: r-devel-linux-x86_64-debian-clang, r-devel-linux-x86_64-debian-gcc, r-devel-linux-x86_64-fedora-clang, r-devel-linux-x86_64-fedora-gcc, r-devel-windows-x86_64, r-patched-linux-x86_64, r-release-linux-x86_64, r-release-macos-arm64, r-release-macos-x86_64, r-release-windows-x86_64, r-oldrel-macos-arm64, r-oldrel-macos-x86_64, r-oldrel-windows-x86_64