CRAN Package Check Results for Package epiflows

Last updated on 2024-07-18 00:54:52 CEST.

Flavor Version Tinstall Tcheck Ttotal Status Flags
r-devel-linux-x86_64-debian-clang 0.2.1 5.55 100.84 106.39 OK
r-devel-linux-x86_64-debian-gcc 0.2.1 4.14 72.75 76.89 OK
r-devel-linux-x86_64-fedora-clang 0.2.1 129.87 OK
r-devel-linux-x86_64-fedora-gcc 0.2.1 138.88 OK
r-devel-windows-x86_64 0.2.1 6.00 98.00 104.00 NOTE
r-patched-linux-x86_64 0.2.1 10.44 94.49 104.93 OK
r-release-linux-x86_64 0.2.1 3.50 95.73 99.23 OK
r-release-macos-arm64 0.2.1 48.00 OK
r-release-macos-x86_64 0.2.1 76.00 OK
r-release-windows-x86_64 0.2.1 7.00 99.00 106.00 OK
r-oldrel-macos-arm64 0.2.1 45.00 OK
r-oldrel-macos-x86_64 0.2.1 94.00 OK
r-oldrel-windows-x86_64 0.2.1 7.00 109.00 116.00 OK

Check Details

Version: 0.2.1
Check: Rd cross-references
Result: NOTE Found the following Rd file(s) with Rd \link{} targets missing package anchors: sub-.epiflows.Rd: [.epicontacts Please provide package anchors for all Rd \link{} targets not in the package itself and the base packages. Flavor: r-devel-windows-x86_64