CRAN Package Check Results for Package escalation

Last updated on 2024-07-15 16:56:20 CEST.

Flavor Version Tinstall Tcheck Ttotal Status Flags
r-devel-linux-x86_64-debian-clang 0.1.10 37.65 1141.95 1179.60 OK
r-devel-linux-x86_64-debian-gcc 0.1.10 33.97 852.86 886.83 OK
r-devel-linux-x86_64-fedora-clang 0.1.10 1488.77 NOTE
r-devel-linux-x86_64-fedora-gcc 0.1.10 1303.95 OK
r-devel-windows-x86_64 0.1.10 32.00 812.00 844.00 NOTE
r-patched-linux-x86_64 0.1.10 33.25 1146.29 1179.54 OK
r-release-linux-x86_64 0.1.10 1.25 2.22 3.47 ERROR
r-release-macos-arm64 0.1.10 354.00 NOTE
r-release-macos-x86_64 0.1.10 927.00 NOTE
r-release-windows-x86_64 0.1.10 31.00 801.00 832.00 NOTE
r-oldrel-macos-arm64 0.1.10 491.00 NOTE
r-oldrel-macos-x86_64 0.1.10 971.00 NOTE
r-oldrel-windows-x86_64 0.1.10 40.00 1056.00 1096.00 NOTE

Check Details

Version: 0.1.10
Check: installed package size
Result: NOTE installed size is 14.1Mb sub-directories of 1Mb or more: doc 13.3Mb Flavors: r-devel-linux-x86_64-fedora-clang, r-devel-windows-x86_64, r-release-macos-arm64, r-release-macos-x86_64, r-release-windows-x86_64, r-oldrel-macos-arm64, r-oldrel-macos-x86_64, r-oldrel-windows-x86_64

Version: 0.1.10
Check: package dependencies
Result: ERROR Package required but not available: ‘trialr’ See section ‘The DESCRIPTION file’ in the ‘Writing R Extensions’ manual. Flavor: r-release-linux-x86_64