CRAN Package Check Results for Package evian

Last updated on 2024-07-15 16:56:20 CEST.

Flavor Version Tinstall Tcheck Ttotal Status Flags
r-devel-linux-x86_64-debian-clang 2.1.0 3.31 68.49 71.80 NOTE
r-devel-linux-x86_64-debian-gcc 2.1.0 2.78 51.94 54.72 NOTE
r-devel-linux-x86_64-fedora-clang 2.1.0 88.44 NOTE
r-devel-linux-x86_64-fedora-gcc 2.1.0 87.96 NOTE
r-devel-windows-x86_64 2.1.0 5.00 77.00 82.00 NOTE
r-patched-linux-x86_64 2.1.0 3.28 64.92 68.20 NOTE
r-release-linux-x86_64 2.1.0 3.53 64.53 68.06 NOTE
r-release-macos-arm64 2.1.0 29.00 NOTE
r-release-macos-x86_64 2.1.0 43.00 NOTE
r-release-windows-x86_64 2.1.0 4.00 76.00 80.00 NOTE
r-oldrel-macos-arm64 2.1.0 32.00 NOTE
r-oldrel-macos-x86_64 2.1.0 45.00 NOTE
r-oldrel-windows-x86_64 2.1.0 5.00 80.00 85.00 NOTE

Check Details

Version: 2.1.0
Check: Rd files
Result: NOTE checkRd: (-1) calculateGLR.Rd:43: Escaped LaTeX specials: \& checkRd: (-1) glr.Rd:5: Lost braces 5 | Conducts a generalized likelihood ratio test testing whether {\eqn{\beta \in} (-\code{c},\code{c})}. Covariates can be accommodated. | ^ checkRd: (-1) glr.Rd:34: Lost braces 34 | This is a similar function to the main function \code{evian}. Instead of testing H0: \eqn{\beta}=0, it tests for whether H0:{\eqn{\beta \in} (-\code{c},\code{c})}. | ^ Flavors: r-devel-linux-x86_64-debian-clang, r-devel-linux-x86_64-debian-gcc, r-devel-linux-x86_64-fedora-clang, r-devel-linux-x86_64-fedora-gcc, r-devel-windows-x86_64, r-patched-linux-x86_64, r-release-linux-x86_64, r-release-macos-arm64, r-release-macos-x86_64, r-release-windows-x86_64

Version: 2.1.0
Check: Rd files
Result: NOTE checkRd: (-1) calculateGLR.Rd:43: Escaped LaTeX specials: \& Flavors: r-oldrel-macos-arm64, r-oldrel-macos-x86_64, r-oldrel-windows-x86_64