CRAN Package Check Results for Package fauxpas

Last updated on 2024-07-16 08:50:36 CEST.

Flavor Version Tinstall Tcheck Ttotal Status Flags
r-devel-linux-x86_64-debian-clang 0.5.2 59.27 57.45 116.72 NOTE
r-devel-linux-x86_64-debian-gcc 0.5.2 46.72 43.05 89.77 NOTE
r-devel-linux-x86_64-fedora-clang 0.5.2 173.98 NOTE
r-devel-linux-x86_64-fedora-gcc 0.5.2 176.89 NOTE
r-devel-windows-x86_64 0.5.2 49.00 63.00 112.00 NOTE
r-patched-linux-x86_64 0.5.2 57.14 54.98 112.12 NOTE
r-release-linux-x86_64 0.5.2 55.44 53.96 109.40 NOTE
r-release-macos-arm64 0.5.2 51.00 NOTE
r-release-macos-x86_64 0.5.2 76.00 NOTE
r-release-windows-x86_64 0.5.2 50.00 61.00 111.00 NOTE
r-oldrel-macos-arm64 0.5.2 48.00 OK
r-oldrel-macos-x86_64 0.5.2 143.00 OK
r-oldrel-windows-x86_64 0.5.2 48.00 70.00 118.00 OK

Check Details

Version: 0.5.2
Check: Rd files
Result: NOTE checkRd: (-1) Error-Classes.Rd:107-119: Lost braces 107 | \item \code{do_verbose(response, template)} { | ^ checkRd: (-1) Error.Rd:33-45: Lost braces 33 | \item \code{do(response, mssg)} { | ^ Flavors: r-devel-linux-x86_64-debian-clang, r-devel-linux-x86_64-debian-gcc, r-devel-linux-x86_64-fedora-clang, r-devel-linux-x86_64-fedora-gcc, r-devel-windows-x86_64, r-patched-linux-x86_64, r-release-linux-x86_64, r-release-macos-arm64, r-release-macos-x86_64, r-release-windows-x86_64