CRAN Package Check Results for Package fomantic.plus

Last updated on 2024-07-14 16:52:32 CEST.

Flavor Version Tinstall Tcheck Ttotal Status Flags
r-devel-linux-x86_64-debian-clang 0.1.0 5.32 47.27 52.59 NOTE
r-devel-linux-x86_64-debian-gcc 0.1.0 3.73 36.33 40.06 NOTE
r-devel-linux-x86_64-fedora-clang 0.1.0 68.59 NOTE
r-devel-linux-x86_64-fedora-gcc 0.1.0 74.47 NOTE
r-devel-windows-x86_64 0.1.0 7.00 59.00 66.00 NOTE
r-patched-linux-x86_64 0.1.0 3.47 44.74 48.21 NOTE
r-release-linux-x86_64 0.1.0 3.04 44.58 47.62 NOTE
r-release-macos-arm64 0.1.0 32.00 NOTE
r-release-macos-x86_64 0.1.0 72.00 NOTE
r-release-windows-x86_64 0.1.0 6.00 60.00 66.00 NOTE
r-oldrel-macos-arm64 0.1.0 29.00 OK
r-oldrel-macos-x86_64 0.1.0 43.00 OK
r-oldrel-windows-x86_64 0.1.0 6.00 63.00 69.00 OK

Check Details

Version: 0.1.0
Check: Rd files
Result: NOTE checkRd: (-1) navbar_page.Rd:36: Lost braces in \itemize; meant \describe ? checkRd: (-1) navbar_page.Rd:37: Lost braces in \itemize; meant \describe ? checkRd: (-1) navbar_page.Rd:38: Lost braces in \itemize; meant \describe ? Flavors: r-devel-linux-x86_64-debian-clang, r-devel-linux-x86_64-debian-gcc, r-devel-linux-x86_64-fedora-clang, r-devel-linux-x86_64-fedora-gcc, r-devel-windows-x86_64, r-patched-linux-x86_64, r-release-linux-x86_64, r-release-macos-arm64, r-release-macos-x86_64, r-release-windows-x86_64