CRAN Package Check Results for Package genBaRcode

Last updated on 2024-07-14 16:52:32 CEST.

Flavor Version Tinstall Tcheck Ttotal Status Flags
r-devel-linux-x86_64-debian-clang 1.2.7 12.36 295.52 307.88 OK
r-devel-linux-x86_64-debian-gcc 1.2.7 8.36 249.43 257.79 OK
r-devel-linux-x86_64-fedora-clang 1.2.7 392.96 NOTE
r-devel-linux-x86_64-fedora-gcc 1.2.7 406.51 OK
r-devel-windows-x86_64 1.2.7 11.00 383.00 394.00 OK
r-patched-linux-x86_64 1.2.7 7.76 312.45 320.21 OK
r-release-linux-x86_64 1.2.7 6.60 309.08 315.68 OK
r-release-macos-arm64 1.2.7 128.00 OK
r-release-macos-x86_64 1.2.7 194.00 OK
r-release-windows-x86_64 1.2.7 12.00 379.00 391.00 OK
r-oldrel-macos-arm64 1.2.7 139.00 OK
r-oldrel-macos-x86_64 1.2.7 237.00 OK
r-oldrel-windows-x86_64 1.2.7 14.00 416.00 430.00 OK

Check Details

Version: 1.2.7
Check: package dependencies
Result: NOTE Imports includes 21 non-default packages. Importing from so many packages makes the package vulnerable to any of them becoming unavailable. Move as many as possible to Suggests and use conditionally. Flavor: r-devel-linux-x86_64-fedora-clang