CRAN Package Check Results for Package geosapi

Last updated on 2024-07-24 00:53:50 CEST.

Flavor Version Tinstall Tcheck Ttotal Status Flags
r-devel-linux-x86_64-debian-clang 0.7-1 42.83 82.56 125.39 OK
r-devel-linux-x86_64-debian-gcc 0.7-1 35.69 64.03 99.72 NOTE
r-devel-linux-x86_64-fedora-clang 0.7-1 168.99 OK
r-devel-linux-x86_64-fedora-gcc 0.7-1 180.55 OK
r-devel-windows-x86_64 0.7-1 41.00 104.00 145.00 NOTE
r-patched-linux-x86_64 0.7-1 50.66 80.73 131.39 OK
r-release-linux-x86_64 0.7-1 27.48 80.98 108.46 OK
r-release-macos-arm64 0.7-1 53.00 OK
r-release-macos-x86_64 0.7-1 84.00 OK
r-release-windows-x86_64 0.7-1 36.00 102.00 138.00 OK
r-oldrel-macos-arm64 0.7-1 54.00 OK
r-oldrel-macos-x86_64 0.7-1 128.00 OK
r-oldrel-windows-x86_64 0.7-1 47.00 114.00 161.00 OK

Check Details

Version: 0.7-1
Check: Rd cross-references
Result: NOTE Found the following Rd file(s) with Rd \link{} targets missing package anchors: GSAbstractCoverageStore.Rd: R6Class, xml_node-class GSAbstractDBDataStore.Rd: R6Class, xml_node-class GSAbstractDataStore.Rd: R6Class, xml_node-class GSAbstractStore.Rd: R6Class, xml_node-class GSArcGridCoverageStore.Rd: R6Class, xml_node-class GSCoverage.Rd: R6Class, xml_node-class GSCoverageBand.Rd: R6Class, xml_node-class GSCoverageStoreManager.Rd: R6Class GSCoverageView.Rd: R6Class, xml_node-class GSDataStoreManager.Rd: R6Class GSDimension.Rd: R6Class, xml_node-class GSFeatureDimension.Rd: R6Class, xml_node-class GSFeatureType.Rd: R6Class, xml_node-class GSGeoPackageDataStore.Rd: R6Class, xml_node-class GSGeoTIFFCoverageStore.Rd: R6Class, xml_node-class GSImageMosaicCoverageStore.Rd: R6Class, xml_node-class GSInputCoverageBand.Rd: R6Class, xml_node-class GSLayer.Rd: R6Class, xml_node-class GSLayerGroup.Rd: R6Class, xml_node-class GSLayerManager.Rd: R6Class GSManager.Rd: R6Class GSMetadataLink.Rd: R6Class, xml_node-class GSMonitorManager.Rd: R6Class GSNamespace.Rd: R6Class, xml_node-class GSNamespaceManager.Rd: R6Class GSOracleNGDataStore.Rd: R6Class, xml_node-class GSPostGISDataStore.Rd: R6Class, xml_node-class GSPublishable.Rd: R6Class, xml_node-class GSRESTEntrySet.Rd: R6Class, xml_node-class GSRESTResource.Rd: R6Class, xml_node-class GSResource.Rd: R6Class, xml_node-class GSServiceManager.Rd: R6Class GSServiceSettings.Rd: R6Class, xml_node-class GSShapefileDataStore.Rd: R6Class, xml_node-class GSShapefileDirectoryDataStore.Rd: R6Class, xml_node-class GSShinyMonitor.Rd: R6Class GSStyleManager.Rd: R6Class, xml_node-class GSUtils.Rd: R6Class GSVersion.Rd: R6Class GSVirtualTable.Rd: R6Class, xml_node-class GSVirtualTableGeometry.Rd: R6Class, xml_node-class GSVirtualTableParameter.Rd: R6Class, xml_node-class GSWorkspace.Rd: R6Class, xml_node-class GSWorkspaceManager.Rd: R6Class GSWorkspaceSettings.Rd: R6Class, xml_node-class GSWorldImageCoverageStore.Rd: R6Class, xml_node-class Please provide package anchors for all Rd \link{} targets not in the package itself and the base packages. Flavors: r-devel-linux-x86_64-debian-gcc, r-devel-windows-x86_64