CRAN Package Check Results for Package gfunctions

Last updated on 2024-07-14 08:48:22 CEST.

Flavor Version Tinstall Tcheck Ttotal Status Flags
r-devel-linux-x86_64-debian-clang 1.0 2.34 26.98 29.32 OK
r-devel-linux-x86_64-debian-gcc 1.0 2.17 20.71 22.88 OK
r-devel-linux-x86_64-fedora-clang 1.0 37.75 OK
r-devel-linux-x86_64-fedora-gcc 1.0 34.85 OK
r-devel-windows-x86_64 1.0 3.00 41.00 44.00 NOTE
r-patched-linux-x86_64 1.0 3.01 25.34 28.35 OK
r-release-linux-x86_64 1.0 1.89 26.42 28.31 OK
r-release-macos-arm64 1.0 18.00 OK
r-release-macos-x86_64 1.0 23.00 OK
r-release-windows-x86_64 1.0 3.00 43.00 46.00 OK
r-oldrel-macos-arm64 1.0 21.00 OK
r-oldrel-macos-x86_64 1.0 36.00 OK
r-oldrel-windows-x86_64 1.0 4.00 45.00 49.00 OK

Check Details

Version: 1.0
Check: Rd cross-references
Result: NOTE Found the following Rd file(s) with Rd \link{} targets missing package anchors: glag.Rd: zoo, lag.zoo gsummary.Rd: vcovHC, NeweyWest Please provide package anchors for all Rd \link{} targets not in the package itself and the base packages. Flavor: r-devel-windows-x86_64