CRAN Package Check Results for Package gitlink

Last updated on 2024-07-17 16:52:18 CEST.

Flavor Version Tinstall Tcheck Ttotal Status Flags
r-devel-linux-x86_64-debian-clang 0.1.3 2.81 32.45 35.26 NOTE
r-devel-linux-x86_64-debian-gcc 0.1.3 2.00 24.54 26.54 NOTE
r-devel-linux-x86_64-fedora-clang 0.1.3 43.37 NOTE
r-devel-linux-x86_64-fedora-gcc 0.1.3 40.32 NOTE
r-devel-windows-x86_64 0.1.3 4.00 46.00 50.00 NOTE
r-patched-linux-x86_64 0.1.3 2.42 30.33 32.75 NOTE
r-release-linux-x86_64 0.1.3 1.86 30.27 32.13 NOTE
r-release-macos-arm64 0.1.3 19.00 NOTE
r-release-macos-x86_64 0.1.3 27.00 NOTE
r-release-windows-x86_64 0.1.3 4.00 48.00 52.00 NOTE
r-oldrel-macos-arm64 0.1.3 19.00 NOTE
r-oldrel-macos-x86_64 0.1.3 25.00 NOTE
r-oldrel-windows-x86_64 0.1.3 4.00 48.00 52.00 NOTE

Check Details

Version: 0.1.3
Check: LazyData
Result: NOTE 'LazyData' is specified without a 'data' directory Flavors: r-devel-linux-x86_64-debian-clang, r-devel-linux-x86_64-debian-gcc, r-devel-linux-x86_64-fedora-clang, r-devel-linux-x86_64-fedora-gcc, r-devel-windows-x86_64, r-patched-linux-x86_64, r-release-linux-x86_64, r-release-macos-arm64, r-release-macos-x86_64, r-release-windows-x86_64, r-oldrel-macos-arm64, r-oldrel-macos-x86_64, r-oldrel-windows-x86_64