CRAN Package Check Results for Package gnn

Last updated on 2024-07-24 08:56:49 CEST.

Flavor Version Tinstall Tcheck Ttotal Status Flags
r-devel-linux-x86_64-debian-clang 0.0-4 11.66 99.07 110.73 OK
r-devel-linux-x86_64-debian-gcc 0.0-4 8.99 75.75 84.74 NOTE
r-devel-linux-x86_64-fedora-clang 0.0-4 139.21 OK
r-devel-linux-x86_64-fedora-gcc 0.0-4 133.99 OK
r-devel-windows-x86_64 0.0-4 12.00 92.00 104.00 NOTE
r-patched-linux-x86_64 0.0-4 16.69 96.53 113.22 OK
r-release-linux-x86_64 0.0-4 11.55 94.35 105.90 OK
r-release-macos-arm64 0.0-4 41.00 OK
r-release-macos-x86_64 0.0-4 68.00 OK
r-release-windows-x86_64 0.0-4 11.00 90.00 101.00 OK
r-oldrel-macos-arm64 0.0-4 46.00 OK
r-oldrel-macos-x86_64 0.0-4 82.00 OK
r-oldrel-windows-x86_64 0.0-4 15.00 107.00 122.00 OK

Check Details

Version: 0.0-4
Check: Rd cross-references
Result: NOTE Found the following Rd file(s) with Rd \link{} targets missing package anchors: FNN.Rd: layer_dropout rPrior.Rd: rCopula Please provide package anchors for all Rd \link{} targets not in the package itself and the base packages. Flavors: r-devel-linux-x86_64-debian-gcc, r-devel-windows-x86_64