CRAN Package Check Results for Package grabsampling

Last updated on 2024-07-24 08:56:49 CEST.

Flavor Version Tinstall Tcheck Ttotal Status Flags
r-devel-linux-x86_64-debian-clang 1.0.0 2.96 36.09 39.05 NOTE
r-devel-linux-x86_64-debian-gcc 1.0.0 2.73 26.68 29.41 NOTE
r-devel-linux-x86_64-fedora-clang 1.0.0 48.93 NOTE
r-devel-linux-x86_64-fedora-gcc 1.0.0 46.37 NOTE
r-devel-windows-x86_64 1.0.0 5.00 49.00 54.00 NOTE
r-patched-linux-x86_64 1.0.0 3.60 34.79 38.39 NOTE
r-release-linux-x86_64 1.0.0 2.77 34.56 37.33 NOTE
r-release-macos-arm64 1.0.0 19.00 NOTE
r-release-macos-x86_64 1.0.0 26.00 NOTE
r-release-windows-x86_64 1.0.0 4.00 49.00 53.00 NOTE
r-oldrel-macos-arm64 1.0.0 21.00 NOTE
r-oldrel-macos-x86_64 1.0.0 28.00 NOTE
r-oldrel-windows-x86_64 1.0.0 6.00 50.00 56.00 NOTE

Check Details

Version: 1.0.0
Check: LazyData
Result: NOTE 'LazyData' is specified without a 'data' directory Flavors: r-devel-linux-x86_64-debian-clang, r-devel-linux-x86_64-debian-gcc, r-devel-linux-x86_64-fedora-clang, r-devel-linux-x86_64-fedora-gcc, r-devel-windows-x86_64, r-patched-linux-x86_64, r-release-linux-x86_64, r-release-macos-arm64, r-release-macos-x86_64, r-release-windows-x86_64, r-oldrel-macos-arm64, r-oldrel-macos-x86_64, r-oldrel-windows-x86_64