CRAN Package Check Results for Package hillR

Last updated on 2024-06-05 00:48:49 CEST.

Flavor Version Tinstall Tcheck Ttotal Status Flags
r-devel-linux-x86_64-debian-clang 0.5.2 3.97 44.82 48.79 OK
r-devel-linux-x86_64-debian-gcc 0.5.2 2.86 33.64 36.50 OK
r-devel-linux-x86_64-fedora-clang 0.5.2 61.38 OK
r-devel-linux-x86_64-fedora-gcc 0.5.2 58.42 OK
r-devel-windows-x86_64 0.5.2 5.00 56.00 61.00 OK
r-patched-linux-x86_64 0.5.2 3.39 43.31 46.70 OK
r-release-linux-x86_64 0.5.2 3.51 43.70 47.21 OK
r-release-macos-arm64 0.5.2 20.00 OK
r-release-windows-x86_64 0.5.2 4.00 55.00 59.00 OK
r-oldrel-macos-arm64 0.5.2 23.00 OK
r-oldrel-macos-x86_64 0.5.2 36.00 OK
r-oldrel-windows-x86_64 0.5.2 6.00 75.00 81.00 WARN

Check Details

Version: 0.5.2
Check: for unstated dependencies in ‘tests’
Result: WARN Warning: unable to access index for repository https://CRAN.R-project.org/src/contrib: cannot open URL 'https://CRAN.R-project.org/src/contrib/PACKAGES' Flavor: r-oldrel-windows-x86_64