CRAN Package Check Results for Package jrc

Last updated on 2024-07-24 16:53:51 CEST.

Flavor Version Tinstall Tcheck Ttotal Status Flags
r-devel-linux-x86_64-debian-clang 0.6.0 7.82 41.55 49.37 OK
r-devel-linux-x86_64-debian-gcc 0.6.0 5.11 31.93 37.04 OK
r-devel-linux-x86_64-fedora-clang 0.6.0 61.16 NOTE
r-devel-linux-x86_64-fedora-gcc 0.6.0 56.91 OK
r-devel-windows-x86_64 0.6.0 7.00 56.00 63.00 OK
r-patched-linux-x86_64 0.6.0 8.26 40.99 49.25 OK
r-release-linux-x86_64 0.6.0 5.64 40.57 46.21 OK
r-release-macos-arm64 0.6.0 22.00 OK
r-release-macos-x86_64 0.6.0 44.00 OK
r-release-windows-x86_64 0.6.0 6.00 56.00 62.00 OK
r-oldrel-macos-arm64 0.6.0 26.00 OK
r-oldrel-macos-x86_64 0.6.0 49.00 OK
r-oldrel-windows-x86_64 0.6.0 9.00 60.00 69.00 OK

Check Details

Version: 0.6.0
Check: Rd cross-references
Result: NOTE Undeclared package ‘later’ in Rd xrefs Flavor: r-devel-linux-x86_64-fedora-clang